{"id":27,"date":"2014-08-16T15:49:13","date_gmt":"2014-08-16T13:49:13","guid":{"rendered":"http:\/\/www.sklenarice.com\/?page_id=27"},"modified":"2015-01-10T22:55:56","modified_gmt":"2015-01-10T21:55:56","slug":"sklarstvi","status":"publish","type":"page","link":"https:\/\/www.sklenarice.com\/aktuality\/historie\/stripky-z-minulosti\/sklarstvi\/","title":{"rendered":"Skl\u00e1\u0159stv\u00ed"},"content":{"rendered":"<div style=\"text-align: justify;\">\n<h1>Sklena\u0159ice &#8211; obec s nejstar\u0161\u00ed skl\u00e1rnou ve st\u0159edn\u00ed Evrop\u011b?<\/h1>\n<\/div>\n<div style=\"text-align: justify;\">\n<p>&#8211; \u010derp\u00e1no z kroniky obce Sklena\u0159ice &#8211;<\/p>\n<\/div>\n<p style=\"text-align: justify;\">Archeologick\u00fd v\u00fdzkum v na\u0161\u00ed obci zapo\u010dal 4.\u010dervna 1956, kdy \u010dlenov\u00e9 Archeologick\u00e9ho \u00fastavu \u010ds. akademie v\u011bd a Um\u011blecko-pr\u016fmyslov\u00e9ho muzea v Praze p\u00e1trali po star\u00e9 skl\u00e1\u0159sk\u00e9 peci Quayserov\u011b ze XIV. stolet\u00ed; tato pec se pokl\u00e1d\u00e1 za nejstar\u0161\u00ed v \u010cech\u00e1ch. \u010cleny skupiny archeolog\u016f tehdy byli: vedouc\u00ed Karel Hetle\u0161, redaktor a odborn\u00edk \u010desk\u00e9 skl\u00e1\u0159sk\u00e9 historie, d\u00e1le dr. Hejdov\u00e1, dr. Ure\u0161ov\u00e1. Krati\u010dk\u00fd \u010das pom\u00e1hali 2 studenti, kte\u0159\u00ed potom ode\u0161li na v\u00fdzkum hradu P\u0159\u00edb\u011bnice u T\u00e1bora. Od obce d\u00e1n kop\u00e1\u010d L\u00e1\u010fa Rypl z \u010dp. 36, t\u00e9\u017e dva kop\u00e1\u010di z Vysok\u00e9ho krat\u0161\u00ed \u010das pom\u00e1hali.<br \/>\nCelou dobu bylo de\u0161tivo, vykop\u00e1vky byly ukon\u010deny 12.\u010dervence 1956.<br \/>\nZ prvu kop\u00e1no na &#8220;Z\u00edtov\u011b&#8221; pozemku &#8220;na hutni\u0161ti&#8221;, &#8220;pod jamkou&#8221; k Zlat\u00e9 Ole\u0161nici, kde dle tradice byla skeln\u00e1 hu\u0165. Po krat\u0161\u00edch ne\u00fasp\u011b\u0161n\u00fdch sond\u00e1ch pr\u00e1ce na &#8220;Z\u00edtov\u011b&#8221; poli zanech\u00e1na, zd\u00e1 se, \u017ee vykop\u00e1vky vedeny byly asi 50 metr\u016f od tradi\u010dn\u00ed huti.<br \/>\nKolem 10.\u010dervna upozornil Milou\u0161 Metelka, rod\u00e1k sklena\u0159ick\u00fd z \u010dp. 23 a tehdy vedouc\u00ed uheln\u00e9 prodejny ve Vysok\u00e9m ve &#8220;dvorku&#8221;, \u017ee p\u0159i stavb\u011b vysock\u00e9ho vodovodu asi 130 krok\u016f nad sklena\u0159ickou kapli\u010dkou sv. Anny v \u00favoze star\u00e9 stezky byl vykop\u00e1n kachel a sklem oblit\u00fd k\u00e1men, kter\u00e9\u017eto v\u011bci byly zase p\u0159i polo\u017een\u00ed potrub\u00ed vlo\u017eeny do v\u00fdkopu.<br \/>\nUr\u010dil p\u0159esn\u011b m\u00edsto a hned se tam po\u010dalo kopati a hutni\u0161t\u011b na &#8220;Z\u00edtov\u011b&#8221; ponech\u00e1no. Po dlouh\u00e9m kop\u00e1n\u00ed na pozemku roln\u00edka Bla\u017eka z \u010dp. 26 nalezeny poz\u016fstatky \u010dern\u00e9 zeminy na 3 m\u00edstech. Hled\u00e1no ne\u00fanavn\u011b d\u00e1le. Potom nalezen sklem oblit\u00fd k\u00e1men z doby stavby vodovodu (kachel v\u0161ak nenalezen) a kone\u010dn\u011b p\u00e1nve skl\u00e1\u0159sk\u00e9 z hrub\u011b otesan\u00fdch kamen\u016f, na nich\u017e byla sklovina. Tak zji\u0161t\u011bna skl\u00e1\u0159sk\u00e1 pec Quayserova, kter\u00e1 r. 1376 dodala sklo pro kanovn\u00edka Hanu\u0161e z Hlohova na stavbu tamn\u00edho kostela.<br \/>\nPracovn\u00edci um\u011bl\u011bcko-pr\u016fmyslov\u00e9ho muzea odjeli ze vsi 13.\u010dervence.<br \/>\nZaj\u00edmavo je, \u017ee o existenci t\u00e9to huti nem\u011bl nikdo ve vsi pon\u011bt\u00ed a tak\u00e9 \u00fad\u00e1nliv\u011b p\u0159i\u0159knut\u00fd n\u00e1zev &#8220;na hutni\u0161ti&#8221; ani nejstar\u0161t\u00ed ves\u0161t\u00ed lid\u00e9 neznaj\u00ed.<\/p>\n<p style=\"text-align: center;\">Fotografie z doby, kdy byla skl\u00e1\u0159sk\u00e1 hu\u0165 vykop\u00e1na<\/p>\n<p><a href=\"http:\/\/www.sklenarice.com\/wp-content\/uploads\/2015\/01\/hut3.jpg\" data-rel=\"lightbox-image-0\" data-rl_title=\"\" data-rl_caption=\"\" title=\"\"><img loading=\"lazy\" decoding=\"async\" class=\"size-full wp-image-691 aligncenter\" src=\"http:\/\/www.sklenarice.com\/wp-content\/uploads\/2015\/01\/hut3.jpg\" alt=\"hut3\" width=\"285\" height=\"300\" \/><\/a> <a href=\"http:\/\/www.sklenarice.com\/wp-content\/uploads\/2015\/01\/hut2.jpg\" data-rel=\"lightbox-image-1\" data-rl_title=\"\" data-rl_caption=\"\" title=\"\"><img loading=\"lazy\" decoding=\"async\" class=\"aligncenter size-full wp-image-690\" src=\"http:\/\/www.sklenarice.com\/wp-content\/uploads\/2015\/01\/hut2.jpg\" alt=\"hut2\" width=\"264\" height=\"300\" \/><\/a> <a href=\"http:\/\/www.sklenarice.com\/wp-content\/uploads\/2015\/01\/hut1.jpg\" data-rel=\"lightbox-image-2\" data-rl_title=\"\" data-rl_caption=\"\" title=\"\"><img loading=\"lazy\" decoding=\"async\" class=\"aligncenter size-full wp-image-689\" src=\"http:\/\/www.sklenarice.com\/wp-content\/uploads\/2015\/01\/hut1.jpg\" alt=\"hut1\" width=\"272\" height=\"300\" \/><\/a><\/p>\n","protected":false},"excerpt":{"rendered":"<p>Sklena\u0159ice &#8211; obec s nejstar\u0161\u00ed skl\u00e1rnou ve st\u0159edn\u00ed Evrop\u011b? &#8211; \u010derp\u00e1no z kroniky obce Sklena\u0159ice &#8211; Archeologick\u00fd v\u00fdzkum v na\u0161\u00ed obci zapo\u010dal 4.\u010dervna 1956, kdy \u010dlenov\u00e9 Archeologick\u00e9ho \u00fastavu \u010ds. akademie v\u011bd a Um\u011blecko-pr\u016fmyslov\u00e9ho muzea v Praze p\u00e1trali po star\u00e9 skl\u00e1\u0159sk\u00e9 peci Quayserov\u011b ze XIV. stolet\u00ed; tato pec se pokl\u00e1d\u00e1 za nejstar\u0161\u00ed v \u010cech\u00e1ch. \u010cleny skupiny [&hellip;]<\/p>\n","protected":false},"author":1,"featured_media":0,"parent":23,"menu_order":0,"comment_status":"closed","ping_status":"closed","template":"","meta":{"ngg_post_thumbnail":0,"footnotes":""},"class_list":["post-27","page","type-page","status-publish","hentry"],"yoast_head":"<!-- This site is optimized with the Yoast SEO plugin v27.5 - https:\/\/yoast.com\/product\/yoast-seo-wordpress\/ -->\n<title>Skl\u00e1\u0159stv\u00ed - Sklena\u0159ice<\/title>\n<meta name=\"robots\" content=\"index, follow, max-snippet:-1, max-image-preview:large, max-video-preview:-1\" \/>\n<link rel=\"canonical\" href=\"https:\/\/www.sklenarice.com\/aktuality\/historie\/stripky-z-minulosti\/sklarstvi\/\" \/>\n<meta property=\"og:locale\" content=\"cs_CZ\" \/>\n<meta property=\"og:type\" content=\"article\" \/>\n<meta property=\"og:title\" content=\"Skl\u00e1\u0159stv\u00ed - Sklena\u0159ice\" \/>\n<meta property=\"og:description\" content=\"Sklena\u0159ice &#8211; obec s nejstar\u0161\u00ed skl\u00e1rnou ve st\u0159edn\u00ed Evrop\u011b? &#8211; \u010derp\u00e1no z kroniky obce Sklena\u0159ice &#8211; Archeologick\u00fd v\u00fdzkum v na\u0161\u00ed obci zapo\u010dal 4.\u010dervna 1956, kdy \u010dlenov\u00e9 Archeologick\u00e9ho \u00fastavu \u010ds. akademie v\u011bd a Um\u011blecko-pr\u016fmyslov\u00e9ho muzea v Praze p\u00e1trali po star\u00e9 skl\u00e1\u0159sk\u00e9 peci Quayserov\u011b ze XIV. stolet\u00ed; tato pec se pokl\u00e1d\u00e1 za nejstar\u0161\u00ed v \u010cech\u00e1ch. \u010cleny skupiny [&hellip;]\" \/>\n<meta property=\"og:url\" content=\"https:\/\/www.sklenarice.com\/aktuality\/historie\/stripky-z-minulosti\/sklarstvi\/\" \/>\n<meta property=\"og:site_name\" content=\"Sklena\u0159ice\" \/>\n<meta property=\"article:publisher\" content=\"https:\/\/www.facebook.com\/sklenky\/\" \/>\n<meta property=\"article:modified_time\" content=\"2015-01-10T21:55:56+00:00\" \/>\n<meta property=\"og:image\" content=\"http:\/\/www.sklenarice.com\/wp-content\/uploads\/2015\/01\/hut3.jpg\" \/>\n<meta name=\"twitter:card\" content=\"summary_large_image\" \/>\n<meta name=\"twitter:label1\" content=\"Odhadovan\u00e1 doba \u010dten\u00ed\" \/>\n\t<meta name=\"twitter:data1\" content=\"2 minuty\" \/>\n<script type=\"application\/ld+json\" class=\"yoast-schema-graph\">{\"@context\":\"https:\\\/\\\/schema.org\",\"@graph\":[{\"@type\":\"WebPage\",\"@id\":\"https:\\\/\\\/www.sklenarice.com\\\/aktuality\\\/historie\\\/stripky-z-minulosti\\\/sklarstvi\\\/\",\"url\":\"https:\\\/\\\/www.sklenarice.com\\\/aktuality\\\/historie\\\/stripky-z-minulosti\\\/sklarstvi\\\/\",\"name\":\"Skl\u00e1\u0159stv\u00ed - Sklena\u0159ice\",\"isPartOf\":{\"@id\":\"https:\\\/\\\/www.sklenarice.com\\\/aktuality\\\/#website\"},\"primaryImageOfPage\":{\"@id\":\"https:\\\/\\\/www.sklenarice.com\\\/aktuality\\\/historie\\\/stripky-z-minulosti\\\/sklarstvi\\\/#primaryimage\"},\"image\":{\"@id\":\"https:\\\/\\\/www.sklenarice.com\\\/aktuality\\\/historie\\\/stripky-z-minulosti\\\/sklarstvi\\\/#primaryimage\"},\"thumbnailUrl\":\"http:\\\/\\\/www.sklenarice.com\\\/wp-content\\\/uploads\\\/2015\\\/01\\\/hut3.jpg\",\"datePublished\":\"2014-08-16T13:49:13+00:00\",\"dateModified\":\"2015-01-10T21:55:56+00:00\",\"breadcrumb\":{\"@id\":\"https:\\\/\\\/www.sklenarice.com\\\/aktuality\\\/historie\\\/stripky-z-minulosti\\\/sklarstvi\\\/#breadcrumb\"},\"inLanguage\":\"cs\",\"potentialAction\":[{\"@type\":\"ReadAction\",\"target\":[\"https:\\\/\\\/www.sklenarice.com\\\/aktuality\\\/historie\\\/stripky-z-minulosti\\\/sklarstvi\\\/\"]}]},{\"@type\":\"ImageObject\",\"inLanguage\":\"cs\",\"@id\":\"https:\\\/\\\/www.sklenarice.com\\\/aktuality\\\/historie\\\/stripky-z-minulosti\\\/sklarstvi\\\/#primaryimage\",\"url\":\"http:\\\/\\\/www.sklenarice.com\\\/wp-content\\\/uploads\\\/2015\\\/01\\\/hut3.jpg\",\"contentUrl\":\"http:\\\/\\\/www.sklenarice.com\\\/wp-content\\\/uploads\\\/2015\\\/01\\\/hut3.jpg\"},{\"@type\":\"BreadcrumbList\",\"@id\":\"https:\\\/\\\/www.sklenarice.com\\\/aktuality\\\/historie\\\/stripky-z-minulosti\\\/sklarstvi\\\/#breadcrumb\",\"itemListElement\":[{\"@type\":\"ListItem\",\"position\":1,\"name\":\"Dom\u016f\",\"item\":\"https:\\\/\\\/www.sklenarice.com\\\/aktuality\\\/\"},{\"@type\":\"ListItem\",\"position\":2,\"name\":\"Historie\",\"item\":\"https:\\\/\\\/www.sklenarice.com\\\/aktuality\\\/historie\\\/\"},{\"@type\":\"ListItem\",\"position\":3,\"name\":\"St\u0159\u00edpky z minulosti\",\"item\":\"https:\\\/\\\/www.sklenarice.com\\\/aktuality\\\/historie\\\/stripky-z-minulosti\\\/\"},{\"@type\":\"ListItem\",\"position\":4,\"name\":\"Skl\u00e1\u0159stv\u00ed\"}]},{\"@type\":\"WebSite\",\"@id\":\"https:\\\/\\\/www.sklenarice.com\\\/aktuality\\\/#website\",\"url\":\"https:\\\/\\\/www.sklenarice.com\\\/aktuality\\\/\",\"name\":\"Sklena\u0159ice\",\"description\":\"str\u00e1nky obce z podh\u016f\u0159\u00ed Krkono\u0161 a Jizersk\u00fdch hor\",\"potentialAction\":[{\"@type\":\"SearchAction\",\"target\":{\"@type\":\"EntryPoint\",\"urlTemplate\":\"https:\\\/\\\/www.sklenarice.com\\\/aktuality\\\/?s={search_term_string}\"},\"query-input\":{\"@type\":\"PropertyValueSpecification\",\"valueRequired\":true,\"valueName\":\"search_term_string\"}}],\"inLanguage\":\"cs\"}]}<\/script>\n<!-- \/ Yoast SEO plugin. -->","yoast_head_json":{"title":"Skl\u00e1\u0159stv\u00ed - Sklena\u0159ice","robots":{"index":"index","follow":"follow","max-snippet":"max-snippet:-1","max-image-preview":"max-image-preview:large","max-video-preview":"max-video-preview:-1"},"canonical":"https:\/\/www.sklenarice.com\/aktuality\/historie\/stripky-z-minulosti\/sklarstvi\/","og_locale":"cs_CZ","og_type":"article","og_title":"Skl\u00e1\u0159stv\u00ed - Sklena\u0159ice","og_description":"Sklena\u0159ice &#8211; obec s nejstar\u0161\u00ed skl\u00e1rnou ve st\u0159edn\u00ed Evrop\u011b? &#8211; \u010derp\u00e1no z kroniky obce Sklena\u0159ice &#8211; Archeologick\u00fd v\u00fdzkum v na\u0161\u00ed obci zapo\u010dal 4.\u010dervna 1956, kdy \u010dlenov\u00e9 Archeologick\u00e9ho \u00fastavu \u010ds. akademie v\u011bd a Um\u011blecko-pr\u016fmyslov\u00e9ho muzea v Praze p\u00e1trali po star\u00e9 skl\u00e1\u0159sk\u00e9 peci Quayserov\u011b ze XIV. stolet\u00ed; tato pec se pokl\u00e1d\u00e1 za nejstar\u0161\u00ed v \u010cech\u00e1ch. \u010cleny skupiny [&hellip;]","og_url":"https:\/\/www.sklenarice.com\/aktuality\/historie\/stripky-z-minulosti\/sklarstvi\/","og_site_name":"Sklena\u0159ice","article_publisher":"https:\/\/www.facebook.com\/sklenky\/","article_modified_time":"2015-01-10T21:55:56+00:00","og_image":[{"url":"http:\/\/www.sklenarice.com\/wp-content\/uploads\/2015\/01\/hut3.jpg","type":"","width":"","height":""}],"twitter_card":"summary_large_image","twitter_misc":{"Odhadovan\u00e1 doba \u010dten\u00ed":"2 minuty"},"schema":{"@context":"https:\/\/schema.org","@graph":[{"@type":"WebPage","@id":"https:\/\/www.sklenarice.com\/aktuality\/historie\/stripky-z-minulosti\/sklarstvi\/","url":"https:\/\/www.sklenarice.com\/aktuality\/historie\/stripky-z-minulosti\/sklarstvi\/","name":"Skl\u00e1\u0159stv\u00ed - Sklena\u0159ice","isPartOf":{"@id":"https:\/\/www.sklenarice.com\/aktuality\/#website"},"primaryImageOfPage":{"@id":"https:\/\/www.sklenarice.com\/aktuality\/historie\/stripky-z-minulosti\/sklarstvi\/#primaryimage"},"image":{"@id":"https:\/\/www.sklenarice.com\/aktuality\/historie\/stripky-z-minulosti\/sklarstvi\/#primaryimage"},"thumbnailUrl":"http:\/\/www.sklenarice.com\/wp-content\/uploads\/2015\/01\/hut3.jpg","datePublished":"2014-08-16T13:49:13+00:00","dateModified":"2015-01-10T21:55:56+00:00","breadcrumb":{"@id":"https:\/\/www.sklenarice.com\/aktuality\/historie\/stripky-z-minulosti\/sklarstvi\/#breadcrumb"},"inLanguage":"cs","potentialAction":[{"@type":"ReadAction","target":["https:\/\/www.sklenarice.com\/aktuality\/historie\/stripky-z-minulosti\/sklarstvi\/"]}]},{"@type":"ImageObject","inLanguage":"cs","@id":"https:\/\/www.sklenarice.com\/aktuality\/historie\/stripky-z-minulosti\/sklarstvi\/#primaryimage","url":"http:\/\/www.sklenarice.com\/wp-content\/uploads\/2015\/01\/hut3.jpg","contentUrl":"http:\/\/www.sklenarice.com\/wp-content\/uploads\/2015\/01\/hut3.jpg"},{"@type":"BreadcrumbList","@id":"https:\/\/www.sklenarice.com\/aktuality\/historie\/stripky-z-minulosti\/sklarstvi\/#breadcrumb","itemListElement":[{"@type":"ListItem","position":1,"name":"Dom\u016f","item":"https:\/\/www.sklenarice.com\/aktuality\/"},{"@type":"ListItem","position":2,"name":"Historie","item":"https:\/\/www.sklenarice.com\/aktuality\/historie\/"},{"@type":"ListItem","position":3,"name":"St\u0159\u00edpky z minulosti","item":"https:\/\/www.sklenarice.com\/aktuality\/historie\/stripky-z-minulosti\/"},{"@type":"ListItem","position":4,"name":"Skl\u00e1\u0159stv\u00ed"}]},{"@type":"WebSite","@id":"https:\/\/www.sklenarice.com\/aktuality\/#website","url":"https:\/\/www.sklenarice.com\/aktuality\/","name":"Sklena\u0159ice","description":"str\u00e1nky obce z podh\u016f\u0159\u00ed Krkono\u0161 a Jizersk\u00fdch hor","potentialAction":[{"@type":"SearchAction","target":{"@type":"EntryPoint","urlTemplate":"https:\/\/www.sklenarice.com\/aktuality\/?s={search_term_string}"},"query-input":{"@type":"PropertyValueSpecification","valueRequired":true,"valueName":"search_term_string"}}],"inLanguage":"cs"}]}},"_links":{"self":[{"href":"https:\/\/www.sklenarice.com\/aktuality\/wp-json\/wp\/v2\/pages\/27","targetHints":{"allow":["GET"]}}],"collection":[{"href":"https:\/\/www.sklenarice.com\/aktuality\/wp-json\/wp\/v2\/pages"}],"about":[{"href":"https:\/\/www.sklenarice.com\/aktuality\/wp-json\/wp\/v2\/types\/page"}],"author":[{"embeddable":true,"href":"https:\/\/www.sklenarice.com\/aktuality\/wp-json\/wp\/v2\/users\/1"}],"replies":[{"embeddable":true,"href":"https:\/\/www.sklenarice.com\/aktuality\/wp-json\/wp\/v2\/comments?post=27"}],"version-history":[{"count":3,"href":"https:\/\/www.sklenarice.com\/aktuality\/wp-json\/wp\/v2\/pages\/27\/revisions"}],"predecessor-version":[{"id":695,"href":"https:\/\/www.sklenarice.com\/aktuality\/wp-json\/wp\/v2\/pages\/27\/revisions\/695"}],"up":[{"embeddable":true,"href":"https:\/\/www.sklenarice.com\/aktuality\/wp-json\/wp\/v2\/pages\/23"}],"wp:attachment":[{"href":"https:\/\/www.sklenarice.com\/aktuality\/wp-json\/wp\/v2\/media?parent=27"}],"curies":[{"name":"wp","href":"https:\/\/api.w.org\/{rel}","templated":true}]}}