{"id":39,"date":"2014-08-16T15:55:30","date_gmt":"2014-08-16T13:55:30","guid":{"rendered":"http:\/\/www.sklenarice.com\/?page_id=39"},"modified":"2015-01-12T08:00:17","modified_gmt":"2015-01-12T07:00:17","slug":"kameni-v-blansku","status":"publish","type":"page","link":"https:\/\/www.sklenarice.com\/aktuality\/historie\/povesti\/kameni-v-blansku\/","title":{"rendered":"Kamen\u00ed v Blansku"},"content":{"rendered":"<div style=\"text-align: justify;\">\n<h4>Pro\u010d nejsou v Blansku hromady kamen\u00ed?<\/h4>\n<\/div>\n<div style=\"text-align: justify;\">\n<p>Na cel\u00e9m katastru sklena\u0159ick\u00e9m a blanensk\u00e9m jsou v les\u00edch a pol\u00edch hromady (kupky) drobn\u00e9ho kamen\u00ed, jen v Blansku, na Fr\u00fdd\u0161tejn\u011b a okol\u00ed nejsou. Pro\u010d? To vypr\u00e1v\u00ed pov\u011bst.<br \/>\n&#8220;U Macha\u010dk\u016f&#8221;, t.j. v \u010dp. 117 v Blansku, chovali ode d\u00e1vna &#8220;\u010dern\u00fd brevi\u00e1\u0159&#8221;, t.j. kouzelnickou knihu, kterou dle pot\u0159eby pou\u017e\u00edvali. Jednou ode\u0161li hospod\u00e1\u0159 se \u017eenou do kostela, zanechav\u0161e d\u011bti doma. Ty, \u0161ukaj\u00edce po dom\u011b, z dlouh\u00e9 chv\u00edle nalezli \u010dern\u00fd brevi\u00e1\u0159 a ze zv\u00eddavosti v n\u011bm \u010detli. A jak \u010detli, rojili se \u010dert\u00edci a ptali se vyjeven\u00fdch d\u011bt\u00ed: &#8220;Co m\u00e1me d\u011blati?&#8221;<br \/>\nD\u011bti ztratily \u0159e\u010d, strachem se stulily, ale \u010dert\u00edk\u016f p\u0159ib\u00fdvalo a zlobili d\u011bti. Kdy\u017e \u010dert\u00edci nejv\u00edce \u0159\u00e1dili a d\u011bti bez sebe tiskly se do koutku, vr\u00e1tili se rodi\u010de. Ti hned vystihli, co se d\u011bje a co se stalo a porou\u010deli \u010dert\u00edk\u016fm, aby ze v\u0161ech pol\u00ed v Blansku odnesli na prot\u011bj\u0161\u00ed t\u0159\u00ed\u010dskou stranu, a tak\u00e9 z Fr\u00fdd\u0161tejnska hromady kamen\u00ed, co\u017e se tak\u00e9 stalo.<br \/>\nA proto se na &#8220;hrub\u00e9 stran\u011b&#8221; ve T\u0159\u00ed\u010di do dnes \u0159\u00edk\u00e1 &#8220;na kamenci&#8221;, nebo\u0165 jsou tam hromady kamen\u00ed, kter\u00e9 naopak nejsou na Fr\u00fdd\u0161tejnsku.<\/p>\n<\/div>\n","protected":false},"excerpt":{"rendered":"<p>Pro\u010d nejsou v Blansku hromady kamen\u00ed? Na cel\u00e9m katastru sklena\u0159ick\u00e9m a blanensk\u00e9m jsou v les\u00edch a pol\u00edch hromady (kupky) drobn\u00e9ho kamen\u00ed, jen v Blansku, na Fr\u00fdd\u0161tejn\u011b a okol\u00ed nejsou. Pro\u010d? To vypr\u00e1v\u00ed pov\u011bst. &#8220;U Macha\u010dk\u016f&#8221;, t.j. v \u010dp. 117 v Blansku, chovali ode d\u00e1vna &#8220;\u010dern\u00fd brevi\u00e1\u0159&#8221;, t.j. kouzelnickou knihu, kterou dle pot\u0159eby pou\u017e\u00edvali. Jednou ode\u0161li [&hellip;]<\/p>\n","protected":false},"author":1,"featured_media":0,"parent":29,"menu_order":0,"comment_status":"closed","ping_status":"closed","template":"","meta":{"ngg_post_thumbnail":0,"footnotes":""},"class_list":["post-39","page","type-page","status-publish","hentry"],"yoast_head":"<!-- This site is optimized with the Yoast SEO plugin v27.4 - https:\/\/yoast.com\/product\/yoast-seo-wordpress\/ -->\n<title>Kamen\u00ed v Blansku - Sklena\u0159ice<\/title>\n<meta name=\"robots\" content=\"index, follow, max-snippet:-1, max-image-preview:large, max-video-preview:-1\" \/>\n<link rel=\"canonical\" href=\"https:\/\/www.sklenarice.com\/aktuality\/historie\/povesti\/kameni-v-blansku\/\" \/>\n<meta property=\"og:locale\" content=\"cs_CZ\" \/>\n<meta property=\"og:type\" content=\"article\" \/>\n<meta property=\"og:title\" content=\"Kamen\u00ed v Blansku - Sklena\u0159ice\" \/>\n<meta property=\"og:description\" content=\"Pro\u010d nejsou v Blansku hromady kamen\u00ed? Na cel\u00e9m katastru sklena\u0159ick\u00e9m a blanensk\u00e9m jsou v les\u00edch a pol\u00edch hromady (kupky) drobn\u00e9ho kamen\u00ed, jen v Blansku, na Fr\u00fdd\u0161tejn\u011b a okol\u00ed nejsou. Pro\u010d? To vypr\u00e1v\u00ed pov\u011bst. &#8220;U Macha\u010dk\u016f&#8221;, t.j. v \u010dp. 117 v Blansku, chovali ode d\u00e1vna &#8220;\u010dern\u00fd brevi\u00e1\u0159&#8221;, t.j. kouzelnickou knihu, kterou dle pot\u0159eby pou\u017e\u00edvali. Jednou ode\u0161li [&hellip;]\" \/>\n<meta property=\"og:url\" content=\"https:\/\/www.sklenarice.com\/aktuality\/historie\/povesti\/kameni-v-blansku\/\" \/>\n<meta property=\"og:site_name\" content=\"Sklena\u0159ice\" \/>\n<meta property=\"article:publisher\" content=\"https:\/\/www.facebook.com\/sklenky\/\" \/>\n<meta property=\"article:modified_time\" content=\"2015-01-12T07:00:17+00:00\" \/>\n<meta name=\"twitter:card\" content=\"summary_large_image\" \/>\n<meta name=\"twitter:label1\" content=\"Odhadovan\u00e1 doba \u010dten\u00ed\" \/>\n\t<meta name=\"twitter:data1\" content=\"1 minuta\" \/>\n<script type=\"application\/ld+json\" class=\"yoast-schema-graph\">{\"@context\":\"https:\\\/\\\/schema.org\",\"@graph\":[{\"@type\":\"WebPage\",\"@id\":\"https:\\\/\\\/www.sklenarice.com\\\/aktuality\\\/historie\\\/povesti\\\/kameni-v-blansku\\\/\",\"url\":\"https:\\\/\\\/www.sklenarice.com\\\/aktuality\\\/historie\\\/povesti\\\/kameni-v-blansku\\\/\",\"name\":\"Kamen\u00ed v Blansku - Sklena\u0159ice\",\"isPartOf\":{\"@id\":\"https:\\\/\\\/www.sklenarice.com\\\/aktuality\\\/#website\"},\"datePublished\":\"2014-08-16T13:55:30+00:00\",\"dateModified\":\"2015-01-12T07:00:17+00:00\",\"breadcrumb\":{\"@id\":\"https:\\\/\\\/www.sklenarice.com\\\/aktuality\\\/historie\\\/povesti\\\/kameni-v-blansku\\\/#breadcrumb\"},\"inLanguage\":\"cs\",\"potentialAction\":[{\"@type\":\"ReadAction\",\"target\":[\"https:\\\/\\\/www.sklenarice.com\\\/aktuality\\\/historie\\\/povesti\\\/kameni-v-blansku\\\/\"]}]},{\"@type\":\"BreadcrumbList\",\"@id\":\"https:\\\/\\\/www.sklenarice.com\\\/aktuality\\\/historie\\\/povesti\\\/kameni-v-blansku\\\/#breadcrumb\",\"itemListElement\":[{\"@type\":\"ListItem\",\"position\":1,\"name\":\"Dom\u016f\",\"item\":\"https:\\\/\\\/www.sklenarice.com\\\/aktuality\\\/\"},{\"@type\":\"ListItem\",\"position\":2,\"name\":\"Historie\",\"item\":\"https:\\\/\\\/www.sklenarice.com\\\/aktuality\\\/historie\\\/\"},{\"@type\":\"ListItem\",\"position\":3,\"name\":\"Pov\u011bsti\",\"item\":\"https:\\\/\\\/www.sklenarice.com\\\/aktuality\\\/historie\\\/povesti\\\/\"},{\"@type\":\"ListItem\",\"position\":4,\"name\":\"Kamen\u00ed v Blansku\"}]},{\"@type\":\"WebSite\",\"@id\":\"https:\\\/\\\/www.sklenarice.com\\\/aktuality\\\/#website\",\"url\":\"https:\\\/\\\/www.sklenarice.com\\\/aktuality\\\/\",\"name\":\"Sklena\u0159ice\",\"description\":\"str\u00e1nky obce z podh\u016f\u0159\u00ed Krkono\u0161 a Jizersk\u00fdch hor\",\"potentialAction\":[{\"@type\":\"SearchAction\",\"target\":{\"@type\":\"EntryPoint\",\"urlTemplate\":\"https:\\\/\\\/www.sklenarice.com\\\/aktuality\\\/?s={search_term_string}\"},\"query-input\":{\"@type\":\"PropertyValueSpecification\",\"valueRequired\":true,\"valueName\":\"search_term_string\"}}],\"inLanguage\":\"cs\"}]}<\/script>\n<!-- \/ Yoast SEO plugin. -->","yoast_head_json":{"title":"Kamen\u00ed v Blansku - Sklena\u0159ice","robots":{"index":"index","follow":"follow","max-snippet":"max-snippet:-1","max-image-preview":"max-image-preview:large","max-video-preview":"max-video-preview:-1"},"canonical":"https:\/\/www.sklenarice.com\/aktuality\/historie\/povesti\/kameni-v-blansku\/","og_locale":"cs_CZ","og_type":"article","og_title":"Kamen\u00ed v Blansku - Sklena\u0159ice","og_description":"Pro\u010d nejsou v Blansku hromady kamen\u00ed? Na cel\u00e9m katastru sklena\u0159ick\u00e9m a blanensk\u00e9m jsou v les\u00edch a pol\u00edch hromady (kupky) drobn\u00e9ho kamen\u00ed, jen v Blansku, na Fr\u00fdd\u0161tejn\u011b a okol\u00ed nejsou. Pro\u010d? To vypr\u00e1v\u00ed pov\u011bst. &#8220;U Macha\u010dk\u016f&#8221;, t.j. v \u010dp. 117 v Blansku, chovali ode d\u00e1vna &#8220;\u010dern\u00fd brevi\u00e1\u0159&#8221;, t.j. kouzelnickou knihu, kterou dle pot\u0159eby pou\u017e\u00edvali. Jednou ode\u0161li [&hellip;]","og_url":"https:\/\/www.sklenarice.com\/aktuality\/historie\/povesti\/kameni-v-blansku\/","og_site_name":"Sklena\u0159ice","article_publisher":"https:\/\/www.facebook.com\/sklenky\/","article_modified_time":"2015-01-12T07:00:17+00:00","twitter_card":"summary_large_image","twitter_misc":{"Odhadovan\u00e1 doba \u010dten\u00ed":"1 minuta"},"schema":{"@context":"https:\/\/schema.org","@graph":[{"@type":"WebPage","@id":"https:\/\/www.sklenarice.com\/aktuality\/historie\/povesti\/kameni-v-blansku\/","url":"https:\/\/www.sklenarice.com\/aktuality\/historie\/povesti\/kameni-v-blansku\/","name":"Kamen\u00ed v Blansku - Sklena\u0159ice","isPartOf":{"@id":"https:\/\/www.sklenarice.com\/aktuality\/#website"},"datePublished":"2014-08-16T13:55:30+00:00","dateModified":"2015-01-12T07:00:17+00:00","breadcrumb":{"@id":"https:\/\/www.sklenarice.com\/aktuality\/historie\/povesti\/kameni-v-blansku\/#breadcrumb"},"inLanguage":"cs","potentialAction":[{"@type":"ReadAction","target":["https:\/\/www.sklenarice.com\/aktuality\/historie\/povesti\/kameni-v-blansku\/"]}]},{"@type":"BreadcrumbList","@id":"https:\/\/www.sklenarice.com\/aktuality\/historie\/povesti\/kameni-v-blansku\/#breadcrumb","itemListElement":[{"@type":"ListItem","position":1,"name":"Dom\u016f","item":"https:\/\/www.sklenarice.com\/aktuality\/"},{"@type":"ListItem","position":2,"name":"Historie","item":"https:\/\/www.sklenarice.com\/aktuality\/historie\/"},{"@type":"ListItem","position":3,"name":"Pov\u011bsti","item":"https:\/\/www.sklenarice.com\/aktuality\/historie\/povesti\/"},{"@type":"ListItem","position":4,"name":"Kamen\u00ed v Blansku"}]},{"@type":"WebSite","@id":"https:\/\/www.sklenarice.com\/aktuality\/#website","url":"https:\/\/www.sklenarice.com\/aktuality\/","name":"Sklena\u0159ice","description":"str\u00e1nky obce z podh\u016f\u0159\u00ed Krkono\u0161 a Jizersk\u00fdch hor","potentialAction":[{"@type":"SearchAction","target":{"@type":"EntryPoint","urlTemplate":"https:\/\/www.sklenarice.com\/aktuality\/?s={search_term_string}"},"query-input":{"@type":"PropertyValueSpecification","valueRequired":true,"valueName":"search_term_string"}}],"inLanguage":"cs"}]}},"_links":{"self":[{"href":"https:\/\/www.sklenarice.com\/aktuality\/wp-json\/wp\/v2\/pages\/39","targetHints":{"allow":["GET"]}}],"collection":[{"href":"https:\/\/www.sklenarice.com\/aktuality\/wp-json\/wp\/v2\/pages"}],"about":[{"href":"https:\/\/www.sklenarice.com\/aktuality\/wp-json\/wp\/v2\/types\/page"}],"author":[{"embeddable":true,"href":"https:\/\/www.sklenarice.com\/aktuality\/wp-json\/wp\/v2\/users\/1"}],"replies":[{"embeddable":true,"href":"https:\/\/www.sklenarice.com\/aktuality\/wp-json\/wp\/v2\/comments?post=39"}],"version-history":[{"count":2,"href":"https:\/\/www.sklenarice.com\/aktuality\/wp-json\/wp\/v2\/pages\/39\/revisions"}],"predecessor-version":[{"id":715,"href":"https:\/\/www.sklenarice.com\/aktuality\/wp-json\/wp\/v2\/pages\/39\/revisions\/715"}],"up":[{"embeddable":true,"href":"https:\/\/www.sklenarice.com\/aktuality\/wp-json\/wp\/v2\/pages\/29"}],"wp:attachment":[{"href":"https:\/\/www.sklenarice.com\/aktuality\/wp-json\/wp\/v2\/media?parent=39"}],"curies":[{"name":"wp","href":"https:\/\/api.w.org\/{rel}","templated":true}]}}