{"id":41,"date":"2014-08-16T15:56:16","date_gmt":"2014-08-16T13:56:16","guid":{"rendered":"http:\/\/www.sklenarice.com\/?page_id=41"},"modified":"2015-01-12T07:59:59","modified_gmt":"2015-01-12T06:59:59","slug":"honacek-a-cert","status":"publish","type":"page","link":"https:\/\/www.sklenarice.com\/aktuality\/historie\/povesti\/honacek-a-cert\/","title":{"rendered":"Hon\u00e1\u010dek a \u010dert"},"content":{"rendered":"<div style=\"text-align: justify;\">\n<h4>Jak Hon\u00e1\u010dek nad \u010dertem vyzr\u00e1l<\/h4>\n<\/div>\n<p style=\"text-align: justify;\">&#8220;Hon\u00e1kov\u00e9&#8221; (\u010dp. 31), a &#8220;Hon\u00e1\u010dkov\u00e9&#8221; (\u010dp. 19) ve Sklena\u0159ic\u00edch, byli zn\u00e1mi co chyt\u0159\u00ed lid\u00e9, nad nimi\u017e hned tak n\u011bkdo nevychytral. Zvl\u00e1\u0161t\u011b jeden Hon\u00e1\u010dek byl v\u0161emi mastmi mazan\u00fd a vyzr\u00e1l i nad \u010dertem. Ob\u00fdval usedlost \u010dp. 11.<br \/>\nJi\u017e se nev\u00ed, co m\u011bl s \u010dertem, ale p\u0159i jarn\u00ed pr\u00e1ci na poli nav\u0161t\u00edvil Hon\u00e1\u010dka \u010dert a co seje, se ptal. Obil\u00ed, odv\u011btil Hon\u00e1\u010dek. Tak se rozd\u011bl\u00edme, \u0159ekl \u010dert, ty si vezme\u0161, co je nad zem\u00ed a j\u00e1 si vezmu, co je pod zem\u00ed. Myslel si \u010dert, d\u00e1v\u00e1 zrn\u00ed do zem\u011b, to si vezmu. P\u0159i\u0161ly \u017en\u011b a \u010dert m\u011bl jen strni\u0161t\u011b, Hon\u00e1\u010dek m\u011bl sl\u00e1mu a zrn\u00ed.<br \/>\n\u010cert se podrbal, to Hon\u00e1\u010dkovi neslev\u00ed. Druh\u00fd rok Hon\u00e1\u010dek s\u00e1zel brambory. \u010cert hned, \u017ee si vezme co je nad zem\u00ed a Hon\u00e1\u010dek, co je v zemi. A zase \u0161patn\u011b dopadl. Hon\u00e1\u010dek m\u011bl brambory a \u010dert jen zaschlou bramborovou na\u0165.<br \/>\n\u010cert nechal dal\u0161\u00edch s\u00e1zek, nemoha nad chytr\u00fdm Hon\u00e1\u010dkem vyzr\u00e1ti.<br \/>\nNeodpust\u00edm si pozn\u00e1mku. Ten \u010dert byl dobrej magor &#8230; \ud83d\ude42<\/p>\n<p>&#8220;Hon\u00e1k&#8221; = dohazova\u010d, neb obchodn\u00edk dobytkem.<\/p>\n","protected":false},"excerpt":{"rendered":"<p>Jak Hon\u00e1\u010dek nad \u010dertem vyzr\u00e1l &#8220;Hon\u00e1kov\u00e9&#8221; (\u010dp. 31), a &#8220;Hon\u00e1\u010dkov\u00e9&#8221; (\u010dp. 19) ve Sklena\u0159ic\u00edch, byli zn\u00e1mi co chyt\u0159\u00ed lid\u00e9, nad nimi\u017e hned tak n\u011bkdo nevychytral. Zvl\u00e1\u0161t\u011b jeden Hon\u00e1\u010dek byl v\u0161emi mastmi mazan\u00fd a vyzr\u00e1l i nad \u010dertem. Ob\u00fdval usedlost \u010dp. 11. Ji\u017e se nev\u00ed, co m\u011bl s \u010dertem, ale p\u0159i jarn\u00ed pr\u00e1ci na poli nav\u0161t\u00edvil [&hellip;]<\/p>\n","protected":false},"author":1,"featured_media":0,"parent":29,"menu_order":0,"comment_status":"closed","ping_status":"closed","template":"","meta":{"ngg_post_thumbnail":0,"footnotes":""},"class_list":["post-41","page","type-page","status-publish","hentry"],"yoast_head":"<!-- This site is optimized with the Yoast SEO plugin v27.5 - https:\/\/yoast.com\/product\/yoast-seo-wordpress\/ -->\n<title>Hon\u00e1\u010dek a \u010dert - Sklena\u0159ice<\/title>\n<meta name=\"robots\" content=\"index, follow, max-snippet:-1, max-image-preview:large, max-video-preview:-1\" \/>\n<link rel=\"canonical\" href=\"https:\/\/www.sklenarice.com\/aktuality\/historie\/povesti\/honacek-a-cert\/\" \/>\n<meta property=\"og:locale\" content=\"cs_CZ\" \/>\n<meta property=\"og:type\" content=\"article\" \/>\n<meta property=\"og:title\" content=\"Hon\u00e1\u010dek a \u010dert - Sklena\u0159ice\" \/>\n<meta property=\"og:description\" content=\"Jak Hon\u00e1\u010dek nad \u010dertem vyzr\u00e1l &#8220;Hon\u00e1kov\u00e9&#8221; (\u010dp. 31), a &#8220;Hon\u00e1\u010dkov\u00e9&#8221; (\u010dp. 19) ve Sklena\u0159ic\u00edch, byli zn\u00e1mi co chyt\u0159\u00ed lid\u00e9, nad nimi\u017e hned tak n\u011bkdo nevychytral. Zvl\u00e1\u0161t\u011b jeden Hon\u00e1\u010dek byl v\u0161emi mastmi mazan\u00fd a vyzr\u00e1l i nad \u010dertem. Ob\u00fdval usedlost \u010dp. 11. Ji\u017e se nev\u00ed, co m\u011bl s \u010dertem, ale p\u0159i jarn\u00ed pr\u00e1ci na poli nav\u0161t\u00edvil [&hellip;]\" \/>\n<meta property=\"og:url\" content=\"https:\/\/www.sklenarice.com\/aktuality\/historie\/povesti\/honacek-a-cert\/\" \/>\n<meta property=\"og:site_name\" content=\"Sklena\u0159ice\" \/>\n<meta property=\"article:publisher\" content=\"https:\/\/www.facebook.com\/sklenky\/\" \/>\n<meta property=\"article:modified_time\" content=\"2015-01-12T06:59:59+00:00\" \/>\n<meta name=\"twitter:card\" content=\"summary_large_image\" \/>\n<meta name=\"twitter:label1\" content=\"Odhadovan\u00e1 doba \u010dten\u00ed\" \/>\n\t<meta name=\"twitter:data1\" content=\"1 minuta\" \/>\n<script type=\"application\/ld+json\" class=\"yoast-schema-graph\">{\"@context\":\"https:\\\/\\\/schema.org\",\"@graph\":[{\"@type\":\"WebPage\",\"@id\":\"https:\\\/\\\/www.sklenarice.com\\\/aktuality\\\/historie\\\/povesti\\\/honacek-a-cert\\\/\",\"url\":\"https:\\\/\\\/www.sklenarice.com\\\/aktuality\\\/historie\\\/povesti\\\/honacek-a-cert\\\/\",\"name\":\"Hon\u00e1\u010dek a \u010dert - Sklena\u0159ice\",\"isPartOf\":{\"@id\":\"https:\\\/\\\/www.sklenarice.com\\\/aktuality\\\/#website\"},\"datePublished\":\"2014-08-16T13:56:16+00:00\",\"dateModified\":\"2015-01-12T06:59:59+00:00\",\"breadcrumb\":{\"@id\":\"https:\\\/\\\/www.sklenarice.com\\\/aktuality\\\/historie\\\/povesti\\\/honacek-a-cert\\\/#breadcrumb\"},\"inLanguage\":\"cs\",\"potentialAction\":[{\"@type\":\"ReadAction\",\"target\":[\"https:\\\/\\\/www.sklenarice.com\\\/aktuality\\\/historie\\\/povesti\\\/honacek-a-cert\\\/\"]}]},{\"@type\":\"BreadcrumbList\",\"@id\":\"https:\\\/\\\/www.sklenarice.com\\\/aktuality\\\/historie\\\/povesti\\\/honacek-a-cert\\\/#breadcrumb\",\"itemListElement\":[{\"@type\":\"ListItem\",\"position\":1,\"name\":\"Dom\u016f\",\"item\":\"https:\\\/\\\/www.sklenarice.com\\\/aktuality\\\/\"},{\"@type\":\"ListItem\",\"position\":2,\"name\":\"Historie\",\"item\":\"https:\\\/\\\/www.sklenarice.com\\\/aktuality\\\/historie\\\/\"},{\"@type\":\"ListItem\",\"position\":3,\"name\":\"Pov\u011bsti\",\"item\":\"https:\\\/\\\/www.sklenarice.com\\\/aktuality\\\/historie\\\/povesti\\\/\"},{\"@type\":\"ListItem\",\"position\":4,\"name\":\"Hon\u00e1\u010dek a \u010dert\"}]},{\"@type\":\"WebSite\",\"@id\":\"https:\\\/\\\/www.sklenarice.com\\\/aktuality\\\/#website\",\"url\":\"https:\\\/\\\/www.sklenarice.com\\\/aktuality\\\/\",\"name\":\"Sklena\u0159ice\",\"description\":\"str\u00e1nky obce z podh\u016f\u0159\u00ed Krkono\u0161 a Jizersk\u00fdch hor\",\"potentialAction\":[{\"@type\":\"SearchAction\",\"target\":{\"@type\":\"EntryPoint\",\"urlTemplate\":\"https:\\\/\\\/www.sklenarice.com\\\/aktuality\\\/?s={search_term_string}\"},\"query-input\":{\"@type\":\"PropertyValueSpecification\",\"valueRequired\":true,\"valueName\":\"search_term_string\"}}],\"inLanguage\":\"cs\"}]}<\/script>\n<!-- \/ Yoast SEO plugin. -->","yoast_head_json":{"title":"Hon\u00e1\u010dek a \u010dert - Sklena\u0159ice","robots":{"index":"index","follow":"follow","max-snippet":"max-snippet:-1","max-image-preview":"max-image-preview:large","max-video-preview":"max-video-preview:-1"},"canonical":"https:\/\/www.sklenarice.com\/aktuality\/historie\/povesti\/honacek-a-cert\/","og_locale":"cs_CZ","og_type":"article","og_title":"Hon\u00e1\u010dek a \u010dert - Sklena\u0159ice","og_description":"Jak Hon\u00e1\u010dek nad \u010dertem vyzr\u00e1l &#8220;Hon\u00e1kov\u00e9&#8221; (\u010dp. 31), a &#8220;Hon\u00e1\u010dkov\u00e9&#8221; (\u010dp. 19) ve Sklena\u0159ic\u00edch, byli zn\u00e1mi co chyt\u0159\u00ed lid\u00e9, nad nimi\u017e hned tak n\u011bkdo nevychytral. Zvl\u00e1\u0161t\u011b jeden Hon\u00e1\u010dek byl v\u0161emi mastmi mazan\u00fd a vyzr\u00e1l i nad \u010dertem. Ob\u00fdval usedlost \u010dp. 11. Ji\u017e se nev\u00ed, co m\u011bl s \u010dertem, ale p\u0159i jarn\u00ed pr\u00e1ci na poli nav\u0161t\u00edvil [&hellip;]","og_url":"https:\/\/www.sklenarice.com\/aktuality\/historie\/povesti\/honacek-a-cert\/","og_site_name":"Sklena\u0159ice","article_publisher":"https:\/\/www.facebook.com\/sklenky\/","article_modified_time":"2015-01-12T06:59:59+00:00","twitter_card":"summary_large_image","twitter_misc":{"Odhadovan\u00e1 doba \u010dten\u00ed":"1 minuta"},"schema":{"@context":"https:\/\/schema.org","@graph":[{"@type":"WebPage","@id":"https:\/\/www.sklenarice.com\/aktuality\/historie\/povesti\/honacek-a-cert\/","url":"https:\/\/www.sklenarice.com\/aktuality\/historie\/povesti\/honacek-a-cert\/","name":"Hon\u00e1\u010dek a \u010dert - Sklena\u0159ice","isPartOf":{"@id":"https:\/\/www.sklenarice.com\/aktuality\/#website"},"datePublished":"2014-08-16T13:56:16+00:00","dateModified":"2015-01-12T06:59:59+00:00","breadcrumb":{"@id":"https:\/\/www.sklenarice.com\/aktuality\/historie\/povesti\/honacek-a-cert\/#breadcrumb"},"inLanguage":"cs","potentialAction":[{"@type":"ReadAction","target":["https:\/\/www.sklenarice.com\/aktuality\/historie\/povesti\/honacek-a-cert\/"]}]},{"@type":"BreadcrumbList","@id":"https:\/\/www.sklenarice.com\/aktuality\/historie\/povesti\/honacek-a-cert\/#breadcrumb","itemListElement":[{"@type":"ListItem","position":1,"name":"Dom\u016f","item":"https:\/\/www.sklenarice.com\/aktuality\/"},{"@type":"ListItem","position":2,"name":"Historie","item":"https:\/\/www.sklenarice.com\/aktuality\/historie\/"},{"@type":"ListItem","position":3,"name":"Pov\u011bsti","item":"https:\/\/www.sklenarice.com\/aktuality\/historie\/povesti\/"},{"@type":"ListItem","position":4,"name":"Hon\u00e1\u010dek a \u010dert"}]},{"@type":"WebSite","@id":"https:\/\/www.sklenarice.com\/aktuality\/#website","url":"https:\/\/www.sklenarice.com\/aktuality\/","name":"Sklena\u0159ice","description":"str\u00e1nky obce z podh\u016f\u0159\u00ed Krkono\u0161 a Jizersk\u00fdch hor","potentialAction":[{"@type":"SearchAction","target":{"@type":"EntryPoint","urlTemplate":"https:\/\/www.sklenarice.com\/aktuality\/?s={search_term_string}"},"query-input":{"@type":"PropertyValueSpecification","valueRequired":true,"valueName":"search_term_string"}}],"inLanguage":"cs"}]}},"_links":{"self":[{"href":"https:\/\/www.sklenarice.com\/aktuality\/wp-json\/wp\/v2\/pages\/41","targetHints":{"allow":["GET"]}}],"collection":[{"href":"https:\/\/www.sklenarice.com\/aktuality\/wp-json\/wp\/v2\/pages"}],"about":[{"href":"https:\/\/www.sklenarice.com\/aktuality\/wp-json\/wp\/v2\/types\/page"}],"author":[{"embeddable":true,"href":"https:\/\/www.sklenarice.com\/aktuality\/wp-json\/wp\/v2\/users\/1"}],"replies":[{"embeddable":true,"href":"https:\/\/www.sklenarice.com\/aktuality\/wp-json\/wp\/v2\/comments?post=41"}],"version-history":[{"count":3,"href":"https:\/\/www.sklenarice.com\/aktuality\/wp-json\/wp\/v2\/pages\/41\/revisions"}],"predecessor-version":[{"id":714,"href":"https:\/\/www.sklenarice.com\/aktuality\/wp-json\/wp\/v2\/pages\/41\/revisions\/714"}],"up":[{"embeddable":true,"href":"https:\/\/www.sklenarice.com\/aktuality\/wp-json\/wp\/v2\/pages\/29"}],"wp:attachment":[{"href":"https:\/\/www.sklenarice.com\/aktuality\/wp-json\/wp\/v2\/media?parent=41"}],"curies":[{"name":"wp","href":"https:\/\/api.w.org\/{rel}","templated":true}]}}