{"id":45,"date":"2014-08-16T15:58:03","date_gmt":"2014-08-16T13:58:03","guid":{"rendered":"http:\/\/www.sklenarice.com\/?page_id=45"},"modified":"2015-01-12T08:00:57","modified_gmt":"2015-01-12T07:00:57","slug":"nasi-certi","status":"publish","type":"page","link":"https:\/\/www.sklenarice.com\/aktuality\/historie\/povesti\/nasi-certi\/","title":{"rendered":"Na\u0161i \u010derti"},"content":{"rendered":"<div>\n<h4>\u010certi ve Sklena\u0159ic\u00edch<\/h4>\n<\/div>\n<p style=\"text-align: justify;\">\u010certi byli u &#8220;Macha\u010dk\u016f&#8221; v Blansku, u Hon\u00e1\u010dk\u016f a t\u00e9\u017e v \u010dp. 21 (posledn\u00ed dr\u017eitel Jind\u0159\u00ed\u0161ek, po roce 1945 rozbo\u0159eno).<br \/>\nZde, v \u010dp. 21 stal se obdobn\u00fd p\u0159\u00edpad, jako u &#8220;Mach\u00e1\u010dk\u016f&#8221;: rodi\u010de ode\u0161li do kostela, zanechav\u0161e doma d\u011bti, je\u017e nalezly \u010dern\u00fd brevi\u00e1\u0159, kter\u00fd ze zv\u011bdavosti slabikovaly. B\u011bhem \u010detby objevili se \u010dert\u00edci a tr\u00e1pili sku\u010den\u00edm, posu\u0148ky a sk\u00e1k\u00e1n\u00edm d\u011bti, kter\u00e9 tisknouce se k sob\u011b, strachem zm\u00edraly. Ve chv\u00edli nejvy\u0161\u0161\u00edho nap\u011bt\u00ed vr\u00e1tili se rodi\u010de, vystihli nebezpe\u010d\u00ed, p\u0159e\u010detli brevi\u00e1\u0159 pozp\u00e1tku a t\u00edm \u010derty zkrotili. Na\u0159\u00eddili jim, by sebrali na &#8220;hvozd\u011b&#8221; (nad Rovn\u011bmi k Pasek\u016fm) kamen\u00ed a postavili z n\u011bj val, kter\u00fd tam je dodnes.<\/p>\n","protected":false},"excerpt":{"rendered":"<p>\u010certi ve Sklena\u0159ic\u00edch \u010certi byli u &#8220;Macha\u010dk\u016f&#8221; v Blansku, u Hon\u00e1\u010dk\u016f a t\u00e9\u017e v \u010dp. 21 (posledn\u00ed dr\u017eitel Jind\u0159\u00ed\u0161ek, po roce 1945 rozbo\u0159eno). Zde, v \u010dp. 21 stal se obdobn\u00fd p\u0159\u00edpad, jako u &#8220;Mach\u00e1\u010dk\u016f&#8221;: rodi\u010de ode\u0161li do kostela, zanechav\u0161e doma d\u011bti, je\u017e nalezly \u010dern\u00fd brevi\u00e1\u0159, kter\u00fd ze zv\u011bdavosti slabikovaly. B\u011bhem \u010detby objevili se \u010dert\u00edci a [&hellip;]<\/p>\n","protected":false},"author":1,"featured_media":0,"parent":29,"menu_order":0,"comment_status":"closed","ping_status":"closed","template":"","meta":{"ngg_post_thumbnail":0,"footnotes":""},"class_list":["post-45","page","type-page","status-publish","hentry"],"yoast_head":"<!-- This site is optimized with the Yoast SEO plugin v27.5 - https:\/\/yoast.com\/product\/yoast-seo-wordpress\/ -->\n<title>Na\u0161i \u010derti - Sklena\u0159ice<\/title>\n<meta name=\"robots\" content=\"index, follow, max-snippet:-1, max-image-preview:large, max-video-preview:-1\" \/>\n<link rel=\"canonical\" href=\"https:\/\/www.sklenarice.com\/aktuality\/historie\/povesti\/nasi-certi\/\" \/>\n<meta property=\"og:locale\" content=\"cs_CZ\" \/>\n<meta property=\"og:type\" content=\"article\" \/>\n<meta property=\"og:title\" content=\"Na\u0161i \u010derti - Sklena\u0159ice\" \/>\n<meta property=\"og:description\" content=\"\u010certi ve Sklena\u0159ic\u00edch \u010certi byli u &#8220;Macha\u010dk\u016f&#8221; v Blansku, u Hon\u00e1\u010dk\u016f a t\u00e9\u017e v \u010dp. 21 (posledn\u00ed dr\u017eitel Jind\u0159\u00ed\u0161ek, po roce 1945 rozbo\u0159eno). Zde, v \u010dp. 21 stal se obdobn\u00fd p\u0159\u00edpad, jako u &#8220;Mach\u00e1\u010dk\u016f&#8221;: rodi\u010de ode\u0161li do kostela, zanechav\u0161e doma d\u011bti, je\u017e nalezly \u010dern\u00fd brevi\u00e1\u0159, kter\u00fd ze zv\u011bdavosti slabikovaly. B\u011bhem \u010detby objevili se \u010dert\u00edci a [&hellip;]\" \/>\n<meta property=\"og:url\" content=\"https:\/\/www.sklenarice.com\/aktuality\/historie\/povesti\/nasi-certi\/\" \/>\n<meta property=\"og:site_name\" content=\"Sklena\u0159ice\" \/>\n<meta property=\"article:publisher\" content=\"https:\/\/www.facebook.com\/sklenky\/\" \/>\n<meta property=\"article:modified_time\" content=\"2015-01-12T07:00:57+00:00\" \/>\n<meta name=\"twitter:card\" content=\"summary_large_image\" \/>\n<meta name=\"twitter:label1\" content=\"Odhadovan\u00e1 doba \u010dten\u00ed\" \/>\n\t<meta name=\"twitter:data1\" content=\"1 minuta\" \/>\n<script type=\"application\/ld+json\" class=\"yoast-schema-graph\">{\"@context\":\"https:\\\/\\\/schema.org\",\"@graph\":[{\"@type\":\"WebPage\",\"@id\":\"https:\\\/\\\/www.sklenarice.com\\\/aktuality\\\/historie\\\/povesti\\\/nasi-certi\\\/\",\"url\":\"https:\\\/\\\/www.sklenarice.com\\\/aktuality\\\/historie\\\/povesti\\\/nasi-certi\\\/\",\"name\":\"Na\u0161i \u010derti - Sklena\u0159ice\",\"isPartOf\":{\"@id\":\"https:\\\/\\\/www.sklenarice.com\\\/aktuality\\\/#website\"},\"datePublished\":\"2014-08-16T13:58:03+00:00\",\"dateModified\":\"2015-01-12T07:00:57+00:00\",\"breadcrumb\":{\"@id\":\"https:\\\/\\\/www.sklenarice.com\\\/aktuality\\\/historie\\\/povesti\\\/nasi-certi\\\/#breadcrumb\"},\"inLanguage\":\"cs\",\"potentialAction\":[{\"@type\":\"ReadAction\",\"target\":[\"https:\\\/\\\/www.sklenarice.com\\\/aktuality\\\/historie\\\/povesti\\\/nasi-certi\\\/\"]}]},{\"@type\":\"BreadcrumbList\",\"@id\":\"https:\\\/\\\/www.sklenarice.com\\\/aktuality\\\/historie\\\/povesti\\\/nasi-certi\\\/#breadcrumb\",\"itemListElement\":[{\"@type\":\"ListItem\",\"position\":1,\"name\":\"Dom\u016f\",\"item\":\"https:\\\/\\\/www.sklenarice.com\\\/aktuality\\\/\"},{\"@type\":\"ListItem\",\"position\":2,\"name\":\"Historie\",\"item\":\"https:\\\/\\\/www.sklenarice.com\\\/aktuality\\\/historie\\\/\"},{\"@type\":\"ListItem\",\"position\":3,\"name\":\"Pov\u011bsti\",\"item\":\"https:\\\/\\\/www.sklenarice.com\\\/aktuality\\\/historie\\\/povesti\\\/\"},{\"@type\":\"ListItem\",\"position\":4,\"name\":\"Na\u0161i \u010derti\"}]},{\"@type\":\"WebSite\",\"@id\":\"https:\\\/\\\/www.sklenarice.com\\\/aktuality\\\/#website\",\"url\":\"https:\\\/\\\/www.sklenarice.com\\\/aktuality\\\/\",\"name\":\"Sklena\u0159ice\",\"description\":\"str\u00e1nky obce z podh\u016f\u0159\u00ed Krkono\u0161 a Jizersk\u00fdch hor\",\"potentialAction\":[{\"@type\":\"SearchAction\",\"target\":{\"@type\":\"EntryPoint\",\"urlTemplate\":\"https:\\\/\\\/www.sklenarice.com\\\/aktuality\\\/?s={search_term_string}\"},\"query-input\":{\"@type\":\"PropertyValueSpecification\",\"valueRequired\":true,\"valueName\":\"search_term_string\"}}],\"inLanguage\":\"cs\"}]}<\/script>\n<!-- \/ Yoast SEO plugin. -->","yoast_head_json":{"title":"Na\u0161i \u010derti - Sklena\u0159ice","robots":{"index":"index","follow":"follow","max-snippet":"max-snippet:-1","max-image-preview":"max-image-preview:large","max-video-preview":"max-video-preview:-1"},"canonical":"https:\/\/www.sklenarice.com\/aktuality\/historie\/povesti\/nasi-certi\/","og_locale":"cs_CZ","og_type":"article","og_title":"Na\u0161i \u010derti - Sklena\u0159ice","og_description":"\u010certi ve Sklena\u0159ic\u00edch \u010certi byli u &#8220;Macha\u010dk\u016f&#8221; v Blansku, u Hon\u00e1\u010dk\u016f a t\u00e9\u017e v \u010dp. 21 (posledn\u00ed dr\u017eitel Jind\u0159\u00ed\u0161ek, po roce 1945 rozbo\u0159eno). Zde, v \u010dp. 21 stal se obdobn\u00fd p\u0159\u00edpad, jako u &#8220;Mach\u00e1\u010dk\u016f&#8221;: rodi\u010de ode\u0161li do kostela, zanechav\u0161e doma d\u011bti, je\u017e nalezly \u010dern\u00fd brevi\u00e1\u0159, kter\u00fd ze zv\u011bdavosti slabikovaly. B\u011bhem \u010detby objevili se \u010dert\u00edci a [&hellip;]","og_url":"https:\/\/www.sklenarice.com\/aktuality\/historie\/povesti\/nasi-certi\/","og_site_name":"Sklena\u0159ice","article_publisher":"https:\/\/www.facebook.com\/sklenky\/","article_modified_time":"2015-01-12T07:00:57+00:00","twitter_card":"summary_large_image","twitter_misc":{"Odhadovan\u00e1 doba \u010dten\u00ed":"1 minuta"},"schema":{"@context":"https:\/\/schema.org","@graph":[{"@type":"WebPage","@id":"https:\/\/www.sklenarice.com\/aktuality\/historie\/povesti\/nasi-certi\/","url":"https:\/\/www.sklenarice.com\/aktuality\/historie\/povesti\/nasi-certi\/","name":"Na\u0161i \u010derti - Sklena\u0159ice","isPartOf":{"@id":"https:\/\/www.sklenarice.com\/aktuality\/#website"},"datePublished":"2014-08-16T13:58:03+00:00","dateModified":"2015-01-12T07:00:57+00:00","breadcrumb":{"@id":"https:\/\/www.sklenarice.com\/aktuality\/historie\/povesti\/nasi-certi\/#breadcrumb"},"inLanguage":"cs","potentialAction":[{"@type":"ReadAction","target":["https:\/\/www.sklenarice.com\/aktuality\/historie\/povesti\/nasi-certi\/"]}]},{"@type":"BreadcrumbList","@id":"https:\/\/www.sklenarice.com\/aktuality\/historie\/povesti\/nasi-certi\/#breadcrumb","itemListElement":[{"@type":"ListItem","position":1,"name":"Dom\u016f","item":"https:\/\/www.sklenarice.com\/aktuality\/"},{"@type":"ListItem","position":2,"name":"Historie","item":"https:\/\/www.sklenarice.com\/aktuality\/historie\/"},{"@type":"ListItem","position":3,"name":"Pov\u011bsti","item":"https:\/\/www.sklenarice.com\/aktuality\/historie\/povesti\/"},{"@type":"ListItem","position":4,"name":"Na\u0161i \u010derti"}]},{"@type":"WebSite","@id":"https:\/\/www.sklenarice.com\/aktuality\/#website","url":"https:\/\/www.sklenarice.com\/aktuality\/","name":"Sklena\u0159ice","description":"str\u00e1nky obce z podh\u016f\u0159\u00ed Krkono\u0161 a Jizersk\u00fdch hor","potentialAction":[{"@type":"SearchAction","target":{"@type":"EntryPoint","urlTemplate":"https:\/\/www.sklenarice.com\/aktuality\/?s={search_term_string}"},"query-input":{"@type":"PropertyValueSpecification","valueRequired":true,"valueName":"search_term_string"}}],"inLanguage":"cs"}]}},"_links":{"self":[{"href":"https:\/\/www.sklenarice.com\/aktuality\/wp-json\/wp\/v2\/pages\/45","targetHints":{"allow":["GET"]}}],"collection":[{"href":"https:\/\/www.sklenarice.com\/aktuality\/wp-json\/wp\/v2\/pages"}],"about":[{"href":"https:\/\/www.sklenarice.com\/aktuality\/wp-json\/wp\/v2\/types\/page"}],"author":[{"embeddable":true,"href":"https:\/\/www.sklenarice.com\/aktuality\/wp-json\/wp\/v2\/users\/1"}],"replies":[{"embeddable":true,"href":"https:\/\/www.sklenarice.com\/aktuality\/wp-json\/wp\/v2\/comments?post=45"}],"version-history":[{"count":2,"href":"https:\/\/www.sklenarice.com\/aktuality\/wp-json\/wp\/v2\/pages\/45\/revisions"}],"predecessor-version":[{"id":716,"href":"https:\/\/www.sklenarice.com\/aktuality\/wp-json\/wp\/v2\/pages\/45\/revisions\/716"}],"up":[{"embeddable":true,"href":"https:\/\/www.sklenarice.com\/aktuality\/wp-json\/wp\/v2\/pages\/29"}],"wp:attachment":[{"href":"https:\/\/www.sklenarice.com\/aktuality\/wp-json\/wp\/v2\/media?parent=45"}],"curies":[{"name":"wp","href":"https:\/\/api.w.org\/{rel}","templated":true}]}}

Naši čerti

<div>
<h4>Čerti ve Sklenařicích</h4>
</div>
<p style="text-align: justify;">Čerti byli u &#8220;Machačků&#8221; v Blansku, u Honáčků a též v čp. 21 (poslední držitel Jindříšek, po roce 1945 rozbořeno).<br />
Zde, v čp. 21 stal se obdobný případ, jako u &#8220;Macháčků&#8221;: rodiče odešli do kostela, zanechavše doma děti, jež nalezly černý breviář, který ze zvědavosti slabikovaly. Během četby objevili se čertíci a trápili skučením, posuňky a skákáním děti, které tisknouce se k sobě, strachem zmíraly. Ve chvíli nejvyššího napětí vrátili se rodiče, vystihli nebezpečí, přečetli breviář pozpátku a tím čerty zkrotili. Nařídili jim, by sebrali na &#8220;hvozdě&#8221; (nad Rovněmi k Pasekům) kamení a postavili z něj val, který tam je dodnes.</p>

<p>Čerti ve Sklenařicích Čerti byli u &#8220;Machačků&#8221; v Blansku, u Honáčků a též v čp. 21 (poslední držitel Jindříšek, po roce 1945 rozbořeno). Zde, v čp. 21 stal se obdobný případ, jako u &#8220;Macháčků&#8221;: rodiče odešli do kostela, zanechavše doma děti, jež nalezly černý breviář, který ze zvědavosti slabikovaly. Během četby objevili se čertíci a [&hellip;]</p>

<!-- This site is optimized with the Yoast SEO plugin v27.5 - https://yoast.com/product/yoast-seo-wordpress/ -->
<title>Naši čerti - Sklenařice</title>
<meta name="robots" content="index, follow, max-snippet:-1, max-image-preview:large, max-video-preview:-1" />
<link rel="canonical" href="https://www.sklenarice.com/aktuality/historie/povesti/nasi-certi/" />
<meta property="og:locale" content="cs_CZ" />
<meta property="og:type" content="article" />
<meta property="og:title" content="Naši čerti - Sklenařice" />
<meta property="og:description" content="Čerti ve Sklenařicích Čerti byli u &#8220;Machačků&#8221; v Blansku, u Honáčků a též v čp. 21 (poslední držitel Jindříšek, po roce 1945 rozbořeno). Zde, v čp. 21 stal se obdobný případ, jako u &#8220;Macháčků&#8221;: rodiče odešli do kostela, zanechavše doma děti, jež nalezly černý breviář, který ze zvědavosti slabikovaly. Během četby objevili se čertíci a [&hellip;]" />
<meta property="og:url" content="https://www.sklenarice.com/aktuality/historie/povesti/nasi-certi/" />
<meta property="og:site_name" content="Sklenařice" />
<meta property="article:publisher" content="https://www.facebook.com/sklenky/" />
<meta property="article:modified_time" content="2015-01-12T07:00:57+00:00" />
<meta name="twitter:card" content="summary_large_image" />
<meta name="twitter:label1" content="Odhadovaná doba čtení" />
	<meta name="twitter:data1" content="1 minuta" />
<script type="application/ld+json" class="yoast-schema-graph">{"@context":"https:\/\/schema.org","@graph":[{"@type":"WebPage","@id":"https:\/\/www.sklenarice.com\/aktuality\/historie\/povesti\/nasi-certi\/","url":"https:\/\/www.sklenarice.com\/aktuality\/historie\/povesti\/nasi-certi\/","name":"Naši čerti - Sklenařice","isPartOf":{"@id":"https:\/\/www.sklenarice.com\/aktuality\/#website"},"datePublished":"2014-08-16T13:58:03+00:00","dateModified":"2015-01-12T07:00:57+00:00","breadcrumb":{"@id":"https:\/\/www.sklenarice.com\/aktuality\/historie\/povesti\/nasi-certi\/#breadcrumb"},"inLanguage":"cs","potentialAction":[{"@type":"ReadAction","target":["https:\/\/www.sklenarice.com\/aktuality\/historie\/povesti\/nasi-certi\/"]}]},{"@type":"BreadcrumbList","@id":"https:\/\/www.sklenarice.com\/aktuality\/historie\/povesti\/nasi-certi\/#breadcrumb","itemListElement":[{"@type":"ListItem","position":1,"name":"Domů","item":"https:\/\/www.sklenarice.com\/aktuality\/"},{"@type":"ListItem","position":2,"name":"Historie","item":"https:\/\/www.sklenarice.com\/aktuality\/historie\/"},{"@type":"ListItem","position":3,"name":"Pověsti","item":"https:\/\/www.sklenarice.com\/aktuality\/historie\/povesti\/"},{"@type":"ListItem","position":4,"name":"Naši čerti"}]},{"@type":"WebSite","@id":"https:\/\/www.sklenarice.com\/aktuality\/#website","url":"https:\/\/www.sklenarice.com\/aktuality\/","name":"Sklenařice","description":"stránky obce z podhůří Krkonoš a Jizerských hor","potentialAction":[{"@type":"SearchAction","target":{"@type":"EntryPoint","urlTemplate":"https:\/\/www.sklenarice.com\/aktuality\/?s={search_term_string}"},"query-input":{"@type":"PropertyValueSpecification","valueRequired":true,"valueName":"search_term_string"}}],"inLanguage":"cs"}]}</script>
<!-- / Yoast SEO plugin. -->

Naši čerti - Sklenařice

Čerti ve Sklenařicích Čerti byli u &#8220;Machačků&#8221; v Blansku, u Honáčků a též v čp. 21 (poslední držitel Jindříšek, po roce 1945 rozbořeno). Zde, v čp. 21 stal se obdobný případ, jako u &#8220;Macháčků&#8221;: rodiče odešli do kostela, zanechavše doma děti, jež nalezly černý breviář, který ze zvědavosti slabikovaly. Během četby objevili se čertíci a [&hellip;]

Sklenařice

Domů

Pověsti

stránky obce z podhůří Krkonoš a Jizerských hor
