{"id":49,"date":"2014-08-16T16:01:29","date_gmt":"2014-08-16T14:01:29","guid":{"rendered":"http:\/\/www.sklenarice.com\/?page_id=49"},"modified":"2015-01-10T23:03:29","modified_gmt":"2015-01-10T22:03:29","slug":"179-hamburk","status":"publish","type":"page","link":"https:\/\/www.sklenarice.com\/aktuality\/historie\/historie-staveni\/179-hamburk\/","title":{"rendered":"179 &#8211; Hamburk"},"content":{"rendered":"<p style=\"text-align: justify;\">Hamburk slou\u017eil je\u0161t\u011b n\u011bkdy v polovin\u011b dvac\u00e1t\u00e9ho stolet\u00ed jako chudobinec, pak si ho vzal do par\u00e1dy spolu s p\u0159ilehl\u00fdmi pozemky st\u00e1tn\u00ed statek a tak nov\u00fdm majitel\u016fm &#8211; rodin\u011b Br\u016fnov\u011b &#8211; v sedmdes\u00e1t\u00fdch letech dvac\u00e1t\u00e9ho stolet\u00ed nezbylo nic jin\u00e9ho ne\u017e Hamburk zbourat a znovu postavit.<br \/>\nRevitalizace pozemk\u016f tak\u00e9 nebyla jednoduch\u00e1, v podstat\u011b to byla skl\u00e1dka. Na pozemc\u00edch to byl sam\u00fd makadam, a kdy\u017e \u010dlov\u011bk kopnul do zem\u011b, mohl narazit i na zahraban\u00fd traktor. Studna, kter\u00e1 u domu je, m\u00e1 bohu\u017eel dodnes kontaminovanou vodu od hnojiv, kter\u00e9 se tu kdysi v\u00e1lely.<br \/>\nV sou\u010dasn\u00e9 dob\u011b je domek obydlen rodinou Br\u016fnovou, kolem domu je v\u017edy pe\u010dliv\u011b upraven\u00e1 zahrada, z\u00e1honky a tro\u0161ku strom\u016f a ke\u0159\u016f.<\/p>\n<p style=\"text-align: justify;\"><a href=\"http:\/\/www.sklenarice.com\/wp-content\/uploads\/2014\/08\/g141221015-Ozdobena-klec-pred-domem-ve-Sklenkach.jpg\" data-rel=\"lightbox-image-0\" data-rl_title=\"\" data-rl_caption=\"\" title=\"\"><img loading=\"lazy\" decoding=\"async\" class=\"aligncenter size-full wp-image-697\" src=\"http:\/\/www.sklenarice.com\/wp-content\/uploads\/2014\/08\/g141221015-Ozdobena-klec-pred-domem-ve-Sklenkach.jpg\" alt=\"g141221015-Ozdobena klec pred domem ve Sklenkach\" width=\"4128\" height=\"3096\" srcset=\"https:\/\/www.sklenarice.com\/wp-content\/uploads\/2014\/08\/g141221015-Ozdobena-klec-pred-domem-ve-Sklenkach.jpg 4128w, https:\/\/www.sklenarice.com\/wp-content\/uploads\/2014\/08\/g141221015-Ozdobena-klec-pred-domem-ve-Sklenkach-300x225.jpg 300w, https:\/\/www.sklenarice.com\/wp-content\/uploads\/2014\/08\/g141221015-Ozdobena-klec-pred-domem-ve-Sklenkach-1024x768.jpg 1024w\" sizes=\"auto, (max-width: 4128px) 100vw, 4128px\" \/><\/a><\/p>\n","protected":false},"excerpt":{"rendered":"<p>Hamburk slou\u017eil je\u0161t\u011b n\u011bkdy v polovin\u011b dvac\u00e1t\u00e9ho stolet\u00ed jako chudobinec, pak si ho vzal do par\u00e1dy spolu s p\u0159ilehl\u00fdmi pozemky st\u00e1tn\u00ed statek a tak nov\u00fdm majitel\u016fm &#8211; rodin\u011b Br\u016fnov\u011b &#8211; v sedmdes\u00e1t\u00fdch letech dvac\u00e1t\u00e9ho stolet\u00ed nezbylo nic jin\u00e9ho ne\u017e Hamburk zbourat a znovu postavit. Revitalizace pozemk\u016f tak\u00e9 nebyla jednoduch\u00e1, v podstat\u011b to byla skl\u00e1dka. Na [&hellip;]<\/p>\n","protected":false},"author":1,"featured_media":0,"parent":47,"menu_order":0,"comment_status":"closed","ping_status":"closed","template":"","meta":{"ngg_post_thumbnail":0,"footnotes":""},"class_list":["post-49","page","type-page","status-publish","hentry"],"yoast_head":"<!-- This site is optimized with the Yoast SEO plugin v27.4 - https:\/\/yoast.com\/product\/yoast-seo-wordpress\/ -->\n<title>179 - Hamburk - Sklena\u0159ice<\/title>\n<meta name=\"robots\" content=\"index, follow, max-snippet:-1, max-image-preview:large, max-video-preview:-1\" \/>\n<link rel=\"canonical\" href=\"https:\/\/www.sklenarice.com\/aktuality\/historie\/historie-staveni\/179-hamburk\/\" \/>\n<meta property=\"og:locale\" content=\"cs_CZ\" \/>\n<meta property=\"og:type\" content=\"article\" \/>\n<meta property=\"og:title\" content=\"179 - Hamburk - Sklena\u0159ice\" \/>\n<meta property=\"og:description\" content=\"Hamburk slou\u017eil je\u0161t\u011b n\u011bkdy v polovin\u011b dvac\u00e1t\u00e9ho stolet\u00ed jako chudobinec, pak si ho vzal do par\u00e1dy spolu s p\u0159ilehl\u00fdmi pozemky st\u00e1tn\u00ed statek a tak nov\u00fdm majitel\u016fm &#8211; rodin\u011b Br\u016fnov\u011b &#8211; v sedmdes\u00e1t\u00fdch letech dvac\u00e1t\u00e9ho stolet\u00ed nezbylo nic jin\u00e9ho ne\u017e Hamburk zbourat a znovu postavit. Revitalizace pozemk\u016f tak\u00e9 nebyla jednoduch\u00e1, v podstat\u011b to byla skl\u00e1dka. Na [&hellip;]\" \/>\n<meta property=\"og:url\" content=\"https:\/\/www.sklenarice.com\/aktuality\/historie\/historie-staveni\/179-hamburk\/\" \/>\n<meta property=\"og:site_name\" content=\"Sklena\u0159ice\" \/>\n<meta property=\"article:publisher\" content=\"https:\/\/www.facebook.com\/sklenky\/\" \/>\n<meta property=\"article:modified_time\" content=\"2015-01-10T22:03:29+00:00\" \/>\n<meta property=\"og:image\" content=\"http:\/\/www.sklenarice.com\/wp-content\/uploads\/2014\/08\/g141221015-Ozdobena-klec-pred-domem-ve-Sklenkach.jpg\" \/>\n<meta name=\"twitter:card\" content=\"summary_large_image\" \/>\n<meta name=\"twitter:label1\" content=\"Odhadovan\u00e1 doba \u010dten\u00ed\" \/>\n\t<meta name=\"twitter:data1\" content=\"1 minuta\" \/>\n<script type=\"application\/ld+json\" class=\"yoast-schema-graph\">{\"@context\":\"https:\\\/\\\/schema.org\",\"@graph\":[{\"@type\":\"WebPage\",\"@id\":\"https:\\\/\\\/www.sklenarice.com\\\/aktuality\\\/historie\\\/historie-staveni\\\/179-hamburk\\\/\",\"url\":\"https:\\\/\\\/www.sklenarice.com\\\/aktuality\\\/historie\\\/historie-staveni\\\/179-hamburk\\\/\",\"name\":\"179 - Hamburk - Sklena\u0159ice\",\"isPartOf\":{\"@id\":\"https:\\\/\\\/www.sklenarice.com\\\/aktuality\\\/#website\"},\"primaryImageOfPage\":{\"@id\":\"https:\\\/\\\/www.sklenarice.com\\\/aktuality\\\/historie\\\/historie-staveni\\\/179-hamburk\\\/#primaryimage\"},\"image\":{\"@id\":\"https:\\\/\\\/www.sklenarice.com\\\/aktuality\\\/historie\\\/historie-staveni\\\/179-hamburk\\\/#primaryimage\"},\"thumbnailUrl\":\"http:\\\/\\\/www.sklenarice.com\\\/wp-content\\\/uploads\\\/2014\\\/08\\\/g141221015-Ozdobena-klec-pred-domem-ve-Sklenkach.jpg\",\"datePublished\":\"2014-08-16T14:01:29+00:00\",\"dateModified\":\"2015-01-10T22:03:29+00:00\",\"breadcrumb\":{\"@id\":\"https:\\\/\\\/www.sklenarice.com\\\/aktuality\\\/historie\\\/historie-staveni\\\/179-hamburk\\\/#breadcrumb\"},\"inLanguage\":\"cs\",\"potentialAction\":[{\"@type\":\"ReadAction\",\"target\":[\"https:\\\/\\\/www.sklenarice.com\\\/aktuality\\\/historie\\\/historie-staveni\\\/179-hamburk\\\/\"]}]},{\"@type\":\"ImageObject\",\"inLanguage\":\"cs\",\"@id\":\"https:\\\/\\\/www.sklenarice.com\\\/aktuality\\\/historie\\\/historie-staveni\\\/179-hamburk\\\/#primaryimage\",\"url\":\"http:\\\/\\\/www.sklenarice.com\\\/wp-content\\\/uploads\\\/2014\\\/08\\\/g141221015-Ozdobena-klec-pred-domem-ve-Sklenkach.jpg\",\"contentUrl\":\"http:\\\/\\\/www.sklenarice.com\\\/wp-content\\\/uploads\\\/2014\\\/08\\\/g141221015-Ozdobena-klec-pred-domem-ve-Sklenkach.jpg\"},{\"@type\":\"BreadcrumbList\",\"@id\":\"https:\\\/\\\/www.sklenarice.com\\\/aktuality\\\/historie\\\/historie-staveni\\\/179-hamburk\\\/#breadcrumb\",\"itemListElement\":[{\"@type\":\"ListItem\",\"position\":1,\"name\":\"Dom\u016f\",\"item\":\"https:\\\/\\\/www.sklenarice.com\\\/aktuality\\\/\"},{\"@type\":\"ListItem\",\"position\":2,\"name\":\"Historie\",\"item\":\"https:\\\/\\\/www.sklenarice.com\\\/aktuality\\\/historie\\\/\"},{\"@type\":\"ListItem\",\"position\":3,\"name\":\"Historie staven\u00ed\",\"item\":\"https:\\\/\\\/www.sklenarice.com\\\/aktuality\\\/historie\\\/historie-staveni\\\/\"},{\"@type\":\"ListItem\",\"position\":4,\"name\":\"179 &#8211; Hamburk\"}]},{\"@type\":\"WebSite\",\"@id\":\"https:\\\/\\\/www.sklenarice.com\\\/aktuality\\\/#website\",\"url\":\"https:\\\/\\\/www.sklenarice.com\\\/aktuality\\\/\",\"name\":\"Sklena\u0159ice\",\"description\":\"str\u00e1nky obce z podh\u016f\u0159\u00ed Krkono\u0161 a Jizersk\u00fdch hor\",\"potentialAction\":[{\"@type\":\"SearchAction\",\"target\":{\"@type\":\"EntryPoint\",\"urlTemplate\":\"https:\\\/\\\/www.sklenarice.com\\\/aktuality\\\/?s={search_term_string}\"},\"query-input\":{\"@type\":\"PropertyValueSpecification\",\"valueRequired\":true,\"valueName\":\"search_term_string\"}}],\"inLanguage\":\"cs\"}]}<\/script>\n<!-- \/ Yoast SEO plugin. -->","yoast_head_json":{"title":"179 - Hamburk - Sklena\u0159ice","robots":{"index":"index","follow":"follow","max-snippet":"max-snippet:-1","max-image-preview":"max-image-preview:large","max-video-preview":"max-video-preview:-1"},"canonical":"https:\/\/www.sklenarice.com\/aktuality\/historie\/historie-staveni\/179-hamburk\/","og_locale":"cs_CZ","og_type":"article","og_title":"179 - Hamburk - Sklena\u0159ice","og_description":"Hamburk slou\u017eil je\u0161t\u011b n\u011bkdy v polovin\u011b dvac\u00e1t\u00e9ho stolet\u00ed jako chudobinec, pak si ho vzal do par\u00e1dy spolu s p\u0159ilehl\u00fdmi pozemky st\u00e1tn\u00ed statek a tak nov\u00fdm majitel\u016fm &#8211; rodin\u011b Br\u016fnov\u011b &#8211; v sedmdes\u00e1t\u00fdch letech dvac\u00e1t\u00e9ho stolet\u00ed nezbylo nic jin\u00e9ho ne\u017e Hamburk zbourat a znovu postavit. Revitalizace pozemk\u016f tak\u00e9 nebyla jednoduch\u00e1, v podstat\u011b to byla skl\u00e1dka. Na [&hellip;]","og_url":"https:\/\/www.sklenarice.com\/aktuality\/historie\/historie-staveni\/179-hamburk\/","og_site_name":"Sklena\u0159ice","article_publisher":"https:\/\/www.facebook.com\/sklenky\/","article_modified_time":"2015-01-10T22:03:29+00:00","og_image":[{"url":"http:\/\/www.sklenarice.com\/wp-content\/uploads\/2014\/08\/g141221015-Ozdobena-klec-pred-domem-ve-Sklenkach.jpg","type":"","width":"","height":""}],"twitter_card":"summary_large_image","twitter_misc":{"Odhadovan\u00e1 doba \u010dten\u00ed":"1 minuta"},"schema":{"@context":"https:\/\/schema.org","@graph":[{"@type":"WebPage","@id":"https:\/\/www.sklenarice.com\/aktuality\/historie\/historie-staveni\/179-hamburk\/","url":"https:\/\/www.sklenarice.com\/aktuality\/historie\/historie-staveni\/179-hamburk\/","name":"179 - Hamburk - Sklena\u0159ice","isPartOf":{"@id":"https:\/\/www.sklenarice.com\/aktuality\/#website"},"primaryImageOfPage":{"@id":"https:\/\/www.sklenarice.com\/aktuality\/historie\/historie-staveni\/179-hamburk\/#primaryimage"},"image":{"@id":"https:\/\/www.sklenarice.com\/aktuality\/historie\/historie-staveni\/179-hamburk\/#primaryimage"},"thumbnailUrl":"http:\/\/www.sklenarice.com\/wp-content\/uploads\/2014\/08\/g141221015-Ozdobena-klec-pred-domem-ve-Sklenkach.jpg","datePublished":"2014-08-16T14:01:29+00:00","dateModified":"2015-01-10T22:03:29+00:00","breadcrumb":{"@id":"https:\/\/www.sklenarice.com\/aktuality\/historie\/historie-staveni\/179-hamburk\/#breadcrumb"},"inLanguage":"cs","potentialAction":[{"@type":"ReadAction","target":["https:\/\/www.sklenarice.com\/aktuality\/historie\/historie-staveni\/179-hamburk\/"]}]},{"@type":"ImageObject","inLanguage":"cs","@id":"https:\/\/www.sklenarice.com\/aktuality\/historie\/historie-staveni\/179-hamburk\/#primaryimage","url":"http:\/\/www.sklenarice.com\/wp-content\/uploads\/2014\/08\/g141221015-Ozdobena-klec-pred-domem-ve-Sklenkach.jpg","contentUrl":"http:\/\/www.sklenarice.com\/wp-content\/uploads\/2014\/08\/g141221015-Ozdobena-klec-pred-domem-ve-Sklenkach.jpg"},{"@type":"BreadcrumbList","@id":"https:\/\/www.sklenarice.com\/aktuality\/historie\/historie-staveni\/179-hamburk\/#breadcrumb","itemListElement":[{"@type":"ListItem","position":1,"name":"Dom\u016f","item":"https:\/\/www.sklenarice.com\/aktuality\/"},{"@type":"ListItem","position":2,"name":"Historie","item":"https:\/\/www.sklenarice.com\/aktuality\/historie\/"},{"@type":"ListItem","position":3,"name":"Historie staven\u00ed","item":"https:\/\/www.sklenarice.com\/aktuality\/historie\/historie-staveni\/"},{"@type":"ListItem","position":4,"name":"179 &#8211; Hamburk"}]},{"@type":"WebSite","@id":"https:\/\/www.sklenarice.com\/aktuality\/#website","url":"https:\/\/www.sklenarice.com\/aktuality\/","name":"Sklena\u0159ice","description":"str\u00e1nky obce z podh\u016f\u0159\u00ed Krkono\u0161 a Jizersk\u00fdch hor","potentialAction":[{"@type":"SearchAction","target":{"@type":"EntryPoint","urlTemplate":"https:\/\/www.sklenarice.com\/aktuality\/?s={search_term_string}"},"query-input":{"@type":"PropertyValueSpecification","valueRequired":true,"valueName":"search_term_string"}}],"inLanguage":"cs"}]}},"_links":{"self":[{"href":"https:\/\/www.sklenarice.com\/aktuality\/wp-json\/wp\/v2\/pages\/49","targetHints":{"allow":["GET"]}}],"collection":[{"href":"https:\/\/www.sklenarice.com\/aktuality\/wp-json\/wp\/v2\/pages"}],"about":[{"href":"https:\/\/www.sklenarice.com\/aktuality\/wp-json\/wp\/v2\/types\/page"}],"author":[{"embeddable":true,"href":"https:\/\/www.sklenarice.com\/aktuality\/wp-json\/wp\/v2\/users\/1"}],"replies":[{"embeddable":true,"href":"https:\/\/www.sklenarice.com\/aktuality\/wp-json\/wp\/v2\/comments?post=49"}],"version-history":[{"count":3,"href":"https:\/\/www.sklenarice.com\/aktuality\/wp-json\/wp\/v2\/pages\/49\/revisions"}],"predecessor-version":[{"id":698,"href":"https:\/\/www.sklenarice.com\/aktuality\/wp-json\/wp\/v2\/pages\/49\/revisions\/698"}],"up":[{"embeddable":true,"href":"https:\/\/www.sklenarice.com\/aktuality\/wp-json\/wp\/v2\/pages\/47"}],"wp:attachment":[{"href":"https:\/\/www.sklenarice.com\/aktuality\/wp-json\/wp\/v2\/media?parent=49"}],"curies":[{"name":"wp","href":"https:\/\/api.w.org\/{rel}","templated":true}]}}