{"id":58,"date":"2014-08-16T16:19:51","date_gmt":"2014-08-16T14:19:51","guid":{"rendered":"http:\/\/www.sklenarice.com\/?page_id=58"},"modified":"2015-01-12T21:08:58","modified_gmt":"2015-01-12T20:08:58","slug":"do-harrachova-za-mamutim-mustkem","status":"publish","type":"page","link":"https:\/\/www.sklenarice.com\/aktuality\/tipy\/vylety\/do-harrachova-za-mamutim-mustkem\/","title":{"rendered":"Do Harrachova za Mamut\u00edm m\u016fstkem"},"content":{"rendered":"<p style=\"text-align: center;\"><strong>&#8212; 45 km &#8212;<\/strong><br \/>\n<b>TRASA: Sklena\u0159ice &#8211; \u010cerm\u00e1kovy Rovn\u011b (2km) &#8211; Rejdice (4km) &#8211; P\u0159\u00edchovice, odb. na \u0160t\u011bp\u00e1nku (7,5km) &#8211; P\u0159\u00edchovice, motorest Beseda (9km) &#8211; Horn\u00ed Polubn\u00fd, kostel (11,5km) &#8211; &#8220;Mejto&#8221; (14km) &#8211; Harrachov (17km) &#8211; a zp\u011bt.<\/b><\/p>\n<p style=\"text-align: justify;\"><i>Tato trasa je sj\u00edzdn\u00e1 i pro silni\u010dn\u00ed kolo a \u0159ekl bych, \u017ee je st\u0159edn\u011b obt\u00ed\u017en\u00e1.<\/i><\/p>\n<p style=\"text-align: justify;\">Z k\u0159i\u017eovatky p\u0159ed Mexikem se vyd\u00e1me vzh\u016fru do m\u00edrn\u00e9ho kopce sm\u011brem na P\u0159\u00edchovice. P\u0159ipravme se na cca 6 km \u0161lap\u00e1n\u00ed do ped\u00e1l\u016f, ale ne n\u011bjak zvl\u00e1\u0161\u0165 n\u00e1ro\u010dn\u00e9ho. Hned v prvn\u00edm kilometru m\u00edj\u00edme samotu &#8220;Amerika&#8221;, je to nyn\u00ed ji\u017e opravovan\u00fd domek po prav\u00e9 stran\u011b. Asi po kilometru cesty do kopce se ter\u00e9n narovn\u00e1, co\u017e znamen\u00e1, \u017ee jsme se ocitli na \u010cerm\u00e1kov\u00fdch Rovn\u00edch, sou\u010d\u00e1sti Sklena\u0159ic. Mineme odbo\u010dku do Pasek nad Jizerou a j\u00edzdu na rovince vyu\u017eijeme k pohledu na Kotel a Lysou horu a pod nimi na Rokytnici nad Jizerou.<\/p>\n<div id=\"attachment_186\" style=\"width: 273px\" class=\"wp-caption alignright\"><a href=\"http:\/\/www.sklenarice.com\/wp-content\/uploads\/2014\/08\/g040613010.jpg\" data-rel=\"lightbox-image-0\" data-rl_title=\"\" data-rl_caption=\"\" title=\"\"><img loading=\"lazy\" decoding=\"async\" aria-describedby=\"caption-attachment-186\" class=\"wp-image-186\" src=\"http:\/\/www.sklenarice.com\/wp-content\/uploads\/2014\/08\/g040613010.jpg\" alt=\"Kotel a Lys\u00e1 hora z \u010cerm\u00e1kov\u00fdch rovn\u00ed\" width=\"263\" height=\"246\" \/><\/a><p id=\"caption-attachment-186\" class=\"wp-caption-text\">Kotel a Lys\u00e1 hora z \u010cerm\u00e1kov\u00fdch rovn\u00ed<\/p><\/div>\n<p style=\"text-align: justify;\">Kdy\u017e se dostate\u010dn\u011b naba\u017e\u00edme tohoto kr\u00e1sn\u00e9ho pohledu, pokra\u010dujeme d\u00e1le po silnici ji\u017e zase do m\u00edrn\u00e9ho kopce. Kdy\u017e vyjedem z lesa a m\u00e1me \u0161t\u011bst\u00ed na po\u010das\u00ed, m\u016f\u017eeme se zase hezky rozhl\u00eddnout po okol\u00ed. Ale to u\u017e budeme m\u00edt v noh\u00e1ch 4,5 km, a octneme se ji\u017e v obci zvan\u00e9 Rejdice. Hned na jej\u00edm za\u010d\u00e1tku m\u00edj\u00edme hostinec Espero, na konci zase penzion Agros. Rejdice n\u00e1m poskytuj\u00ed pohled na opa\u010dnou stranu, ne\u017e tomu bylo na Rovn\u00edch. A tak se m\u016f\u017eeme kochat pohledy na Jizersk\u00e9 hory, konkr\u00e9tn\u011bji t\u0159eba na Tanvald a jeho \u0160pi\u010d\u00e1k, rozhlednu \u010cern\u00e1 Studnice a nebo t\u0159eba i Je\u0161t\u011bd. U penzionu Agros p\u0159ijde ji\u017e asi tolik o\u010dek\u00e1v\u00e1n\u00e9 narovn\u00e1n\u00ed ter\u00e9nu, po 5,2 kilometrech ur\u010dit\u011b zaslou\u017een\u00e9 a a\u017e do P\u0159\u00edchovic se ji\u017e dostaneme jen s nepatrn\u00fdm \u00fasil\u00edm. Rovina si asi po kilometru d\u00e1 \u0159\u00edct a zm\u011bn\u00ed se v kles\u00e1n\u00ed, kter\u00e9 je dlouh\u00e9 n\u011bkolik kilometr\u016f. Do P\u0159\u00edchovic m\u016f\u017eeme tedy p\u0159ijet ji\u017e ve zna\u010dn\u00e9 rychlosti, ale mo\u017en\u00e1 by to byla \u0161koda, proto\u017ee ji\u017e p\u0159ed nimi se m\u016f\u017eeme op\u011bt rozhl\u00e9dnout do jizerskohorsk\u00e9 krajiny, nyn\u00ed je v\u0161ak obzor mnohem \u0161ir\u0161\u00ed. Kdy\u017e mineme odbo\u010dku na rozhlednu \u0160t\u011bp\u00e1nka, na kterou to je odsud necel\u00fd kilometr, sledujeme hlavn\u011b t\u00e9m\u011b\u0159 na obzoru \u00fadoln\u00ed n\u00e1dr\u017e Sou\u0161 a v d\u00e1lce za n\u00ed t\u0159et\u00ed nejvy\u0161\u0161\u00ed vrchol Jizersk\u00fdch hor, Jizeru (1122 m.n.m.), s jej\u00edmi typick\u00fdmi skaln\u00edmi \u00fatvary na vrcholku. St\u00e1le pad\u00e1me do \u00fadol\u00ed, a\u017e k motorestu Beseda, kde m\u00e1me mo\u017enost pokra\u010dovat nejkrat\u0161\u00ed cestou do Harrachova po st\u00e1tn\u00ed silnici vedouc\u00ed na hranice, ale my vol\u00edme rad\u011bji men\u0161\u00ed okliku p\u0159es Horn\u00ed Polubn\u00fd, kde je daleko men\u0161\u00ed provoz a hez\u010d\u00ed proj\u00ed\u017e\u010fka. Tedy za motorestem zahneme doprava, jedeme asi 100 metr\u016f a pak odbo\u010dujeme doleva. Ji\u017e po rovin\u011b a pak z kopce se dostaneme do Polubn\u00e9ho, cestou sledujeme po prav\u00e9 stran\u011b nikdy nepou\u017eit\u00e1 opevn\u011bn\u00ed proti ve t\u0159ic\u00e1t\u00fdch letech se rozp\u00ednaj\u00edc\u00edmu N\u011bmecku. V Polubn\u00e9m u kostela odbo\u010d\u00edme vpravo a pom\u011brn\u011b strm\u00fdm kles\u00e1n\u00edm proj\u00ed\u017ed\u00edme tuhle poklidnou vesni\u010dku. Pozor na \u017eelezni\u010dn\u00edm p\u0159ejezdu. Je to ne\u010dekan\u00e9, ale z ni\u010deho nic p\u0159ej\u00ed\u017ed\u00edme koleje vyhl\u00e1\u0161en\u00e9 ozubnicov\u00e9 dr\u00e1hy z Tanvaldu do Harrachova. Ne\u010dekan\u00e9 proto, \u017ee kdy\u017e jsme k\u0159\u00ed\u017eili tuto trasu p\u0159ed chv\u00edl\u00ed, nev\u011bd\u011bli jsme o tom, byla hluboko pod n\u00e1mi. A tak proj\u00ed\u017ed\u00edme kolem \u017eelezni\u010dn\u00ed stanice Ko\u0159enov, kde je ter\u00e9n p\u0159echodn\u011b tro\u0161ku rovn\u011bj\u0161\u00ed, pak pokra\u010dujeme op\u011bt pom\u011brn\u011b prudce dol\u016f a\u017e se dostaneme k Jize\u0159e a konci Polubn\u00e9ho. Vr\u00e1t\u00edme se bohu\u017eel na onu ru\u0161nou silnici, odbo\u010d\u00edme doleva na most p\u0159es Jizeru. Doporu\u010duju se pod\u00edvat z n\u011bj dol\u016f, pokud tedy netrp\u00edte z\u00e1vrat\u011bmi. Jedeme p\u0159es &#8220;Mejto&#8221;, kde se d\u00e1 odbo\u010dit na Jablonec nad Jizerou. My v\u0161ak vyu\u017eijem rychlosti a pokra\u010dujeme rovn\u011b do Harrachova. A cesta do m\u00edrn\u00e9ho kopce n\u00e1m bude jist\u011b hezky ub\u00edhat, kdy\u017e se zaposlouch\u00e1me do m\u00edstn\u00ed \u0159\u00ed\u010dky Mumlavy. Ani to nezabol\u00ed a budeme m\u00edt za sebou dnes celkem 17 km a t\u00edm budeme s nejv\u011bt\u0161\u00ed pravd\u011bpodobnost\u00ed na za\u010d\u00e1tku horsk\u00e9ho st\u0159ediska Harrachov. Pokud je libo, odbo\u010d\u00edme do Anensk\u00e9ho \u00fadol\u00ed, co\u017e je sp\u00ed\u0161e pro horsk\u00e1 kola, ale rozhodn\u011b p\u0159\u00edjemn\u00e9 po t\u011bch n\u011bkolika kilometrech ru\u0161n\u00e9ho provozu. A nebo zatneme zuby a jedeme st\u00e1le po hlavn\u00ed sm\u011brem na hranice, mineme odbo\u010dku do m\u011bsta a doprava odbo\u010d\u00edme, a\u017e kdy\u017e n\u00e1s budou ukazatele sv\u00e1d\u011bt na z\u00e1chytn\u00e9 parkovi\u0161t\u011b. D\u00e1me si \u0159\u00edct, proto\u017ee potom p\u0159ijedeme do Harrachova p\u011bkn\u011b samosp\u00e1dem. Odbo\u010den\u00ed k Mumlavsk\u00fdm vodop\u00e1d\u016fm, kter\u00e9 cestou m\u00edj\u00edme je pops\u00e1no v <a title=\"Za Krakono\u0161em na sn\u00eddani\" href=\"http:\/\/www.sklenarice.com\/tipy\/vylety\/za-krakonosem-na-snidani\/\">jin\u00e9m v\u00fdletu<\/a> . My tedy pokra\u010dujeme do m\u011bsta, kter\u00e9 b\u00fdv\u00e1 pom\u011brn\u011b hodn\u011b ru\u0161n\u00e9, jeho\u017e dominantou jsou ur\u010dit\u011b skokansk\u00e9 m\u016fstky, v \u010dele s Mamut\u00edm, na kter\u00e9m se po\u0159\u00e1daj\u00ed lety na ly\u017e\u00edch, proto\u017ee skoky se u\u017e asi dosa\u017een\u00e9 vzd\u00e1lenosti kolem 200 metr\u016f, nedaj\u00ed ozna\u010dit. A\u017e k m\u016fstk\u016fm se d\u00e1 dob\u0159e dojet, co\u017e doporu\u010duju.<br \/>\nV t\u011bchto chv\u00edl\u00edch m\u00e1me ji\u017e najeto okolo 20 km a m\u016f\u017eeme pom\u00fd\u0161let na n\u00e1vrat. Ale proto\u017ee n\u00e1s \u010dekaj\u00ed pom\u011brn\u011b n\u00e1ro\u010dn\u00e1 stoup\u00e1n\u00ed, nebudeme nikam posp\u00edchat a ur\u010dit\u011b se v Harrachov\u011b posiln\u00edme na n\u00e1ro\u010dnou zp\u00e1te\u010dn\u00ed cestu. Nav\u00edc se zde na ka\u017ed\u00e9m kroku d\u00e1 koupit n\u011bjak\u00fd kr\u00e1sn\u00fd pohled, kter\u00fd ur\u010dit\u011b ud\u011bl\u00e1 n\u011bkomu radost, tak t\u00e9to mo\u017enosti tak\u00e9 vyu\u017eijeme. No a kdy\u017e u\u017e si mysl\u00edme, \u017ee jsme fyzicky a psychicky p\u0159ipraveni na n\u00e1vrat, nasedneme op\u011bt na na\u0161e kola a opust\u00edme Harrachov. A\u017e na Mejto to m\u00e1me z kopce, ale pak to stoj\u00ed za to. Doporu\u010duju jet zp\u00e1tky stejnou trasou, jako jsme jeli sem. Sice si po\u0161lapeme, ale do Sklena\u0159ic p\u0159ijedeme ji\u017e odpo\u010dat\u00ed a budeme moct v\u0161em tvrdit, jak v pohod\u011b jsme t\u011bch cca 45 km p\u0159ekonali. Pokud bysme zvolili cestu &#8220;Pojizerkou&#8221;, co\u017e znamen\u00e1 odbo\u010dit &#8220;Na Mejt\u011b&#8221; doleva, budeme a\u017e do Jablone\u010dka cestovat doprov\u00e1zeni mnohdy i kolonami aut, pozn\u00e1me sice kr\u00e1sn\u00e9 \u00fadol\u00ed Jizery, ale v\u00fdlet pak zakon\u010d\u00edme nep\u0159\u00edjemn\u00fdm 4,5 km dlouh\u00fdm stoup\u00e1n\u00edm do Sklena\u0159ic a to se na n\u00e1s ur\u010dit\u011b hezky podep\u00ed\u0161e.<\/p>\n<div style=\"width: 295px\" class=\"wp-caption alignright\"><img loading=\"lazy\" decoding=\"async\" class=\"ngg-singlepic ngg-center\" src=\"http:\/\/www.sklenarice.com\/wp-content\/gallery\/barevne-z-prelomu-tisicileti\/131108.jpg\" alt=\"Rozvodn\u011bn\u00e1 Jizera v Jablone\u010dku\" width=\"285\" height=\"214\" \/><p class=\"wp-caption-text\">Rozvodn\u011bn\u00e1 Jizera v Jablone\u010dku<\/p><\/div>\n<p style=\"text-align: justify;\">I kdy\u017e celkov\u011b m\u00e9n\u011b n\u00e1ro\u010dn\u00e1 je varianta p\u0159es Jablone\u010dek, doporu\u010duju sp\u00ed\u0161 tu cestu p\u0159es Polubn\u00fd, zejm\u00e9na kv\u016fli m\u00e9n\u011b ru\u0161n\u00e9mu prost\u0159ed\u00ed. Pokud ale zvol\u00edme cestu p\u0159es Jablonec nad Jizerou, nezapomeneme zde na n\u00e1m\u011bst\u00ed odbo\u010dit doprava a pak pokra\u010dovat p\u0159es Jizeru, kter\u00e1 zde b\u00fdv\u00e1, jak vidno, n\u011bkdy i docela bou\u0159liv\u00e1.<br \/>\nCelkov\u011b bych tuto trasu hodnotil jako m\u00edrn\u011b n\u00e1ro\u010dnou, pokud se pojme hodn\u011b v\u00fdletov\u011b a zvol\u00ed se odpov\u00eddaj\u00edc\u00ed tempo, tak lze opravdu zvl\u00e1dnout i nesportovcem, pokud je na to dostatek \u010dasu.<\/p>\n","protected":false},"excerpt":{"rendered":"<p>&#8212; 45 km &#8212; TRASA: Sklena\u0159ice &#8211; \u010cerm\u00e1kovy Rovn\u011b (2km) &#8211; Rejdice (4km) &#8211; P\u0159\u00edchovice, odb. na \u0160t\u011bp\u00e1nku (7,5km) &#8211; P\u0159\u00edchovice, motorest Beseda (9km) &#8211; Horn\u00ed Polubn\u00fd, kostel (11,5km) &#8211; &#8220;Mejto&#8221; (14km) &#8211; Harrachov (17km) &#8211; a zp\u011bt. Tato trasa je sj\u00edzdn\u00e1 i pro silni\u010dn\u00ed kolo a \u0159ekl bych, \u017ee je st\u0159edn\u011b obt\u00ed\u017en\u00e1. Z k\u0159i\u017eovatky [&hellip;]<\/p>\n","protected":false},"author":1,"featured_media":0,"parent":54,"menu_order":0,"comment_status":"closed","ping_status":"closed","template":"","meta":{"ngg_post_thumbnail":0,"footnotes":""},"class_list":["post-58","page","type-page","status-publish","hentry"],"yoast_head":"<!-- This site is optimized with the Yoast SEO plugin v27.5 - https:\/\/yoast.com\/product\/yoast-seo-wordpress\/ -->\n<title>Do Harrachova za Mamut\u00edm m\u016fstkem - Sklena\u0159ice<\/title>\n<meta name=\"robots\" content=\"index, follow, max-snippet:-1, max-image-preview:large, max-video-preview:-1\" \/>\n<link rel=\"canonical\" href=\"https:\/\/www.sklenarice.com\/aktuality\/tipy\/vylety\/do-harrachova-za-mamutim-mustkem\/\" \/>\n<meta property=\"og:locale\" content=\"cs_CZ\" \/>\n<meta property=\"og:type\" content=\"article\" \/>\n<meta property=\"og:title\" content=\"Do Harrachova za Mamut\u00edm m\u016fstkem - Sklena\u0159ice\" \/>\n<meta property=\"og:description\" content=\"&#8212; 45 km &#8212; TRASA: Sklena\u0159ice &#8211; \u010cerm\u00e1kovy Rovn\u011b (2km) &#8211; Rejdice (4km) &#8211; P\u0159\u00edchovice, odb. na \u0160t\u011bp\u00e1nku (7,5km) &#8211; P\u0159\u00edchovice, motorest Beseda (9km) &#8211; Horn\u00ed Polubn\u00fd, kostel (11,5km) &#8211; &#8220;Mejto&#8221; (14km) &#8211; Harrachov (17km) &#8211; a zp\u011bt. Tato trasa je sj\u00edzdn\u00e1 i pro silni\u010dn\u00ed kolo a \u0159ekl bych, \u017ee je st\u0159edn\u011b obt\u00ed\u017en\u00e1. Z k\u0159i\u017eovatky [&hellip;]\" \/>\n<meta property=\"og:url\" content=\"https:\/\/www.sklenarice.com\/aktuality\/tipy\/vylety\/do-harrachova-za-mamutim-mustkem\/\" \/>\n<meta property=\"og:site_name\" content=\"Sklena\u0159ice\" \/>\n<meta property=\"article:publisher\" content=\"https:\/\/www.facebook.com\/sklenky\/\" \/>\n<meta property=\"article:modified_time\" content=\"2015-01-12T20:08:58+00:00\" \/>\n<meta property=\"og:image\" content=\"http:\/\/www.sklenarice.com\/wp-content\/uploads\/2014\/08\/g040613010.jpg\" \/>\n<meta name=\"twitter:card\" content=\"summary_large_image\" \/>\n<meta name=\"twitter:label1\" content=\"Odhadovan\u00e1 doba \u010dten\u00ed\" \/>\n\t<meta name=\"twitter:data1\" content=\"7 minut\" \/>\n<script type=\"application\/ld+json\" class=\"yoast-schema-graph\">{\"@context\":\"https:\\\/\\\/schema.org\",\"@graph\":[{\"@type\":\"WebPage\",\"@id\":\"https:\\\/\\\/www.sklenarice.com\\\/aktuality\\\/tipy\\\/vylety\\\/do-harrachova-za-mamutim-mustkem\\\/\",\"url\":\"https:\\\/\\\/www.sklenarice.com\\\/aktuality\\\/tipy\\\/vylety\\\/do-harrachova-za-mamutim-mustkem\\\/\",\"name\":\"Do Harrachova za Mamut\u00edm m\u016fstkem - Sklena\u0159ice\",\"isPartOf\":{\"@id\":\"https:\\\/\\\/www.sklenarice.com\\\/aktuality\\\/#website\"},\"primaryImageOfPage\":{\"@id\":\"https:\\\/\\\/www.sklenarice.com\\\/aktuality\\\/tipy\\\/vylety\\\/do-harrachova-za-mamutim-mustkem\\\/#primaryimage\"},\"image\":{\"@id\":\"https:\\\/\\\/www.sklenarice.com\\\/aktuality\\\/tipy\\\/vylety\\\/do-harrachova-za-mamutim-mustkem\\\/#primaryimage\"},\"thumbnailUrl\":\"http:\\\/\\\/www.sklenarice.com\\\/wp-content\\\/uploads\\\/2014\\\/08\\\/g040613010.jpg\",\"datePublished\":\"2014-08-16T14:19:51+00:00\",\"dateModified\":\"2015-01-12T20:08:58+00:00\",\"breadcrumb\":{\"@id\":\"https:\\\/\\\/www.sklenarice.com\\\/aktuality\\\/tipy\\\/vylety\\\/do-harrachova-za-mamutim-mustkem\\\/#breadcrumb\"},\"inLanguage\":\"cs\",\"potentialAction\":[{\"@type\":\"ReadAction\",\"target\":[\"https:\\\/\\\/www.sklenarice.com\\\/aktuality\\\/tipy\\\/vylety\\\/do-harrachova-za-mamutim-mustkem\\\/\"]}]},{\"@type\":\"ImageObject\",\"inLanguage\":\"cs\",\"@id\":\"https:\\\/\\\/www.sklenarice.com\\\/aktuality\\\/tipy\\\/vylety\\\/do-harrachova-za-mamutim-mustkem\\\/#primaryimage\",\"url\":\"http:\\\/\\\/www.sklenarice.com\\\/wp-content\\\/uploads\\\/2014\\\/08\\\/g040613010.jpg\",\"contentUrl\":\"http:\\\/\\\/www.sklenarice.com\\\/wp-content\\\/uploads\\\/2014\\\/08\\\/g040613010.jpg\"},{\"@type\":\"BreadcrumbList\",\"@id\":\"https:\\\/\\\/www.sklenarice.com\\\/aktuality\\\/tipy\\\/vylety\\\/do-harrachova-za-mamutim-mustkem\\\/#breadcrumb\",\"itemListElement\":[{\"@type\":\"ListItem\",\"position\":1,\"name\":\"Dom\u016f\",\"item\":\"https:\\\/\\\/www.sklenarice.com\\\/aktuality\\\/\"},{\"@type\":\"ListItem\",\"position\":2,\"name\":\"Tipy\",\"item\":\"https:\\\/\\\/www.sklenarice.com\\\/aktuality\\\/tipy\\\/\"},{\"@type\":\"ListItem\",\"position\":3,\"name\":\"Cyklov\u00fdlety\",\"item\":\"https:\\\/\\\/www.sklenarice.com\\\/aktuality\\\/tipy\\\/vylety\\\/\"},{\"@type\":\"ListItem\",\"position\":4,\"name\":\"Do Harrachova za Mamut\u00edm m\u016fstkem\"}]},{\"@type\":\"WebSite\",\"@id\":\"https:\\\/\\\/www.sklenarice.com\\\/aktuality\\\/#website\",\"url\":\"https:\\\/\\\/www.sklenarice.com\\\/aktuality\\\/\",\"name\":\"Sklena\u0159ice\",\"description\":\"str\u00e1nky obce z podh\u016f\u0159\u00ed Krkono\u0161 a Jizersk\u00fdch hor\",\"potentialAction\":[{\"@type\":\"SearchAction\",\"target\":{\"@type\":\"EntryPoint\",\"urlTemplate\":\"https:\\\/\\\/www.sklenarice.com\\\/aktuality\\\/?s={search_term_string}\"},\"query-input\":{\"@type\":\"PropertyValueSpecification\",\"valueRequired\":true,\"valueName\":\"search_term_string\"}}],\"inLanguage\":\"cs\"}]}<\/script>\n<!-- \/ Yoast SEO plugin. -->","yoast_head_json":{"title":"Do Harrachova za Mamut\u00edm m\u016fstkem - Sklena\u0159ice","robots":{"index":"index","follow":"follow","max-snippet":"max-snippet:-1","max-image-preview":"max-image-preview:large","max-video-preview":"max-video-preview:-1"},"canonical":"https:\/\/www.sklenarice.com\/aktuality\/tipy\/vylety\/do-harrachova-za-mamutim-mustkem\/","og_locale":"cs_CZ","og_type":"article","og_title":"Do Harrachova za Mamut\u00edm m\u016fstkem - Sklena\u0159ice","og_description":"&#8212; 45 km &#8212; TRASA: Sklena\u0159ice &#8211; \u010cerm\u00e1kovy Rovn\u011b (2km) &#8211; Rejdice (4km) &#8211; P\u0159\u00edchovice, odb. na \u0160t\u011bp\u00e1nku (7,5km) &#8211; P\u0159\u00edchovice, motorest Beseda (9km) &#8211; Horn\u00ed Polubn\u00fd, kostel (11,5km) &#8211; &#8220;Mejto&#8221; (14km) &#8211; Harrachov (17km) &#8211; a zp\u011bt. Tato trasa je sj\u00edzdn\u00e1 i pro silni\u010dn\u00ed kolo a \u0159ekl bych, \u017ee je st\u0159edn\u011b obt\u00ed\u017en\u00e1. Z k\u0159i\u017eovatky [&hellip;]","og_url":"https:\/\/www.sklenarice.com\/aktuality\/tipy\/vylety\/do-harrachova-za-mamutim-mustkem\/","og_site_name":"Sklena\u0159ice","article_publisher":"https:\/\/www.facebook.com\/sklenky\/","article_modified_time":"2015-01-12T20:08:58+00:00","og_image":[{"url":"http:\/\/www.sklenarice.com\/wp-content\/uploads\/2014\/08\/g040613010.jpg","type":"","width":"","height":""}],"twitter_card":"summary_large_image","twitter_misc":{"Odhadovan\u00e1 doba \u010dten\u00ed":"7 minut"},"schema":{"@context":"https:\/\/schema.org","@graph":[{"@type":"WebPage","@id":"https:\/\/www.sklenarice.com\/aktuality\/tipy\/vylety\/do-harrachova-za-mamutim-mustkem\/","url":"https:\/\/www.sklenarice.com\/aktuality\/tipy\/vylety\/do-harrachova-za-mamutim-mustkem\/","name":"Do Harrachova za Mamut\u00edm m\u016fstkem - Sklena\u0159ice","isPartOf":{"@id":"https:\/\/www.sklenarice.com\/aktuality\/#website"},"primaryImageOfPage":{"@id":"https:\/\/www.sklenarice.com\/aktuality\/tipy\/vylety\/do-harrachova-za-mamutim-mustkem\/#primaryimage"},"image":{"@id":"https:\/\/www.sklenarice.com\/aktuality\/tipy\/vylety\/do-harrachova-za-mamutim-mustkem\/#primaryimage"},"thumbnailUrl":"http:\/\/www.sklenarice.com\/wp-content\/uploads\/2014\/08\/g040613010.jpg","datePublished":"2014-08-16T14:19:51+00:00","dateModified":"2015-01-12T20:08:58+00:00","breadcrumb":{"@id":"https:\/\/www.sklenarice.com\/aktuality\/tipy\/vylety\/do-harrachova-za-mamutim-mustkem\/#breadcrumb"},"inLanguage":"cs","potentialAction":[{"@type":"ReadAction","target":["https:\/\/www.sklenarice.com\/aktuality\/tipy\/vylety\/do-harrachova-za-mamutim-mustkem\/"]}]},{"@type":"ImageObject","inLanguage":"cs","@id":"https:\/\/www.sklenarice.com\/aktuality\/tipy\/vylety\/do-harrachova-za-mamutim-mustkem\/#primaryimage","url":"http:\/\/www.sklenarice.com\/wp-content\/uploads\/2014\/08\/g040613010.jpg","contentUrl":"http:\/\/www.sklenarice.com\/wp-content\/uploads\/2014\/08\/g040613010.jpg"},{"@type":"BreadcrumbList","@id":"https:\/\/www.sklenarice.com\/aktuality\/tipy\/vylety\/do-harrachova-za-mamutim-mustkem\/#breadcrumb","itemListElement":[{"@type":"ListItem","position":1,"name":"Dom\u016f","item":"https:\/\/www.sklenarice.com\/aktuality\/"},{"@type":"ListItem","position":2,"name":"Tipy","item":"https:\/\/www.sklenarice.com\/aktuality\/tipy\/"},{"@type":"ListItem","position":3,"name":"Cyklov\u00fdlety","item":"https:\/\/www.sklenarice.com\/aktuality\/tipy\/vylety\/"},{"@type":"ListItem","position":4,"name":"Do Harrachova za Mamut\u00edm m\u016fstkem"}]},{"@type":"WebSite","@id":"https:\/\/www.sklenarice.com\/aktuality\/#website","url":"https:\/\/www.sklenarice.com\/aktuality\/","name":"Sklena\u0159ice","description":"str\u00e1nky obce z podh\u016f\u0159\u00ed Krkono\u0161 a Jizersk\u00fdch hor","potentialAction":[{"@type":"SearchAction","target":{"@type":"EntryPoint","urlTemplate":"https:\/\/www.sklenarice.com\/aktuality\/?s={search_term_string}"},"query-input":{"@type":"PropertyValueSpecification","valueRequired":true,"valueName":"search_term_string"}}],"inLanguage":"cs"}]}},"_links":{"self":[{"href":"https:\/\/www.sklenarice.com\/aktuality\/wp-json\/wp\/v2\/pages\/58","targetHints":{"allow":["GET"]}}],"collection":[{"href":"https:\/\/www.sklenarice.com\/aktuality\/wp-json\/wp\/v2\/pages"}],"about":[{"href":"https:\/\/www.sklenarice.com\/aktuality\/wp-json\/wp\/v2\/types\/page"}],"author":[{"embeddable":true,"href":"https:\/\/www.sklenarice.com\/aktuality\/wp-json\/wp\/v2\/users\/1"}],"replies":[{"embeddable":true,"href":"https:\/\/www.sklenarice.com\/aktuality\/wp-json\/wp\/v2\/comments?post=58"}],"version-history":[{"count":3,"href":"https:\/\/www.sklenarice.com\/aktuality\/wp-json\/wp\/v2\/pages\/58\/revisions"}],"predecessor-version":[{"id":721,"href":"https:\/\/www.sklenarice.com\/aktuality\/wp-json\/wp\/v2\/pages\/58\/revisions\/721"}],"up":[{"embeddable":true,"href":"https:\/\/www.sklenarice.com\/aktuality\/wp-json\/wp\/v2\/pages\/54"}],"wp:attachment":[{"href":"https:\/\/www.sklenarice.com\/aktuality\/wp-json\/wp\/v2\/media?parent=58"}],"curies":[{"name":"wp","href":"https:\/\/api.w.org\/{rel}","templated":true}]}}