{"id":69,"date":"2014-08-16T16:35:07","date_gmt":"2014-08-16T14:35:07","guid":{"rendered":"http:\/\/www.sklenarice.com\/?page_id=69"},"modified":"2015-01-12T21:30:48","modified_gmt":"2015-01-12T20:30:48","slug":"za-krakonosem-na-snidani","status":"publish","type":"page","link":"https:\/\/www.sklenarice.com\/aktuality\/tipy\/vylety\/za-krakonosem-na-snidani\/","title":{"rendered":"Za Krakono\u0161em na sn\u00eddani"},"content":{"rendered":"<p style=\"text-align: center;\"><strong>&#8212; 65 km &#8212;<\/strong><\/p>\n<p><b>TRASA: Sklena\u0159ice &#8211; \u010cerm\u00e1kovy Rovn\u011b (2km) &#8211; Rejdice (4km) &#8211; P\u0159\u00edchovice, odb. na \u0160t\u011bp\u00e1nku (7,5km) &#8211; P\u0159\u00edchovice, motorest Beseda (9km) &#8211; Horn\u00ed Polubn\u00fd, kostel (11,5km) &#8211; &#8220;Mejto&#8221; (14km) &#8211; Harrachov (17km) &#8211; Mumlavsk\u00e9 vodop\u00e1dy &#8211; Krakono\u0161ova sn\u00eddan\u011b &#8211; Ru\u010di\u010dky &#8211; Rokytnice nad Jizerou &#8211; Paseky nad Jizerou &#8211; Sklena\u0159ice<\/b><\/p>\n<p><i>Vylo\u017een\u011b horsk\u00e1 trasa a \u00farove\u0148 obt\u00ed\u017enosti podle m\u011b vysok\u00e1.<\/i><\/p>\n<p style=\"text-align: justify;\">Z k\u0159i\u017eovatky p\u0159ed Mexikem se vyd\u00e1me vzh\u016fru do m\u00edrn\u00e9ho kopce sm\u011brem na P\u0159\u00edchovice. P\u0159ipravme se na cca 6 km \u0161lap\u00e1n\u00ed do ped\u00e1l\u016f, ale ne n\u011bjak zvl\u00e1\u0161\u0165 n\u00e1ro\u010dn\u00e9ho. Hned v prvn\u00edm kilometru m\u00edj\u00edme samotu &#8220;Amerika&#8221;, je to nyn\u00ed ji\u017e opravovan\u00fd domek po prav\u00e9 stran\u011b. Asi po kilometru cesty do kopce se ter\u00e9n narovn\u00e1, co\u017e znamen\u00e1, \u017ee jsme se ocitli na \u010cerm\u00e1kov\u00fdch Rovn\u00edch, sou\u010d\u00e1sti Sklena\u0159ic. Mineme odbo\u010dku do Pasek nad Jizerou a j\u00edzdu na rovince vyu\u017eijeme k pohledu na Kotel a Lysou horu a pod nimi na Rokytnici nad Jizerou. Kdy\u017e se dostate\u010dn\u011b naba\u017e\u00edme tohoto kr\u00e1sn\u00e9ho pohledu, pokra\u010dujeme d\u00e1le po silnici ji\u017e zase do m\u00edrn\u00e9ho kopce.<br \/>\nKdy\u017e vyjedem z lesa a m\u00e1me \u0161t\u011bst\u00ed na po\u010das\u00ed, m\u016f\u017eeme se zase hezky rozhl\u00eddnout po okol\u00ed. Ale to u\u017e budeme m\u00edt v noh\u00e1ch 4,5 km, a octneme se ji\u017e v obci zvan\u00e9 Rejdice. Hned na jej\u00edm za\u010d\u00e1tku m\u00edj\u00edme hostinec Espero, na konci zase penzion Agros. Rejdice n\u00e1m poskytuj\u00ed pohled na opa\u010dnou stranu, ne\u017e tomu bylo na Rovn\u00edch. A tak se m\u016f\u017eeme kochat pohledy na Jizersk\u00e9 hory, konkr\u00e9tn\u011bji t\u0159eba na Tanvald a jeho \u0160pi\u010d\u00e1k, rozhlednu \u010cern\u00e1 Studnice a nebo t\u0159eba i Je\u0161t\u011bd. U penzionu Agros p\u0159ijde ji\u017e asi tolik o\u010dek\u00e1v\u00e1n\u00e9 narovn\u00e1n\u00ed ter\u00e9nu, po 5,2 kilometrech ur\u010dit\u011b zaslou\u017een\u00e9 a a\u017e do P\u0159\u00edchovic se ji\u017e dostaneme jen s nepatrn\u00fdm \u00fasil\u00edm. Rovina si asi po kilometru d\u00e1 \u0159\u00edct a zm\u011bn\u00ed se v kles\u00e1n\u00ed, kter\u00e9 je dlouh\u00e9 n\u011bkolik kilometr\u016f. Do P\u0159\u00edchovic m\u016f\u017eeme tedy p\u0159ijet ji\u017e ve zna\u010dn\u00e9 rychlosti, ale mo\u017en\u00e1 by to byla \u0161koda, proto\u017ee ji\u017e p\u0159ed nimi se m\u016f\u017eeme op\u011bt rozhl\u00e9dnout do jizerskohorsk\u00e9 krajiny, nyn\u00ed je v\u0161ak obzor mnohem \u0161ir\u0161\u00ed. Kdy\u017e mineme odbo\u010dku na rozhlednu \u0160t\u011bp\u00e1nka, na kterou to je odsud necel\u00fd kilometr, sledujeme hlavn\u011b t\u00e9m\u011b\u0159 na obzoru \u00fadoln\u00ed n\u00e1dr\u017e Sou\u0161 a v d\u00e1lce za n\u00ed t\u0159et\u00ed nejvy\u0161\u0161\u00ed vrchol Jizersk\u00fdch hor Jizeru (1122 m.n.m.), s jej\u00edmi typick\u00fdmi skaln\u00edmi \u00fatvary na vrcholku. St\u00e1le pad\u00e1me do \u00fadol\u00ed, a\u017e k motorestu Beseda, kde m\u00e1me mo\u017enost pokra\u010dovat nejkrat\u0161\u00ed cestou do Harrachova po st\u00e1tn\u00ed silnici vedouc\u00ed na hranice, ale my vol\u00edme rad\u011bji men\u0161\u00ed okliku p\u0159es Horn\u00ed Polubn\u00fd, kde je daleko men\u0161\u00ed provoz a hez\u010d\u00ed proj\u00ed\u017e\u010fka. Tedy za motorestem zahneme doprava, jedeme asi 100 metr\u016f a pak odbo\u010dujeme doleva. Ji\u017e po rovin\u011b a pak z kopce se dostaneme do Polubn\u00e9ho, cestou sledujeme po prav\u00e9 stran\u011b nikdy nepou\u017eit\u00e1 opevn\u011bn\u00ed proti ve t\u0159ic\u00e1t\u00fdch letech se rozp\u00ednaj\u00edc\u00edmu N\u011bmecku. V Polubn\u00e9m u kostela odbo\u010d\u00edme vpravo a pom\u011brn\u011b strm\u00fdm kles\u00e1n\u00edm proj\u00ed\u017ed\u00edme tuhle poklidnou vesni\u010dku. Pozor na \u017eelezni\u010dn\u00edm p\u0159ejezdu. Je to ne\u010dekan\u00e9, ale z ni\u010deho nic p\u0159ej\u00ed\u017ed\u00edme koleje vyhl\u00e1\u0161en\u00e9 ozubnicov\u00e9 dr\u00e1hy z Tanvaldu do Harrachova. Ne\u010dekan\u00e9 proto, \u017ee kdy\u017e jsme k\u0159\u00ed\u017eili tuto trasu p\u0159ed chv\u00edl\u00ed nev\u011bd\u011bli jsme o tom, byla hluboko pod n\u00e1mi. A tak proj\u00ed\u017ed\u00edme kolem \u017eelezni\u010dn\u00ed stanice Ko\u0159enov, kde je ter\u00e9m p\u0159echodn\u011b tro\u0161ku rovn\u011bj\u0161\u00ed, pak pokra\u010dujeme op\u011bt pom\u011brn\u011b prudce dol\u016f a\u017e se dostaneme k Jize\u0159e a konci Polubn\u00e9ho. Vr\u00e1t\u00edme se bohu\u017eel na onu ru\u0161nou silnici, odbo\u010d\u00edme doleva na most p\u0159es Jizeru. Doporu\u010duju se pod\u00edvat z n\u011bj dol\u016f, pokud tedy netrp\u00edte z\u00e1vrat\u011bmi. Jedeme p\u0159es &#8220;Mejto&#8221;, kde se d\u00e1 odbo\u010dit na Jablonec nad Jizerou. My v\u0161ak vyu\u017eijem rychlosti a pokra\u010dujeme rovn\u011b do Harrachova. A cesta do m\u00edrn\u00e9ho kopce n\u00e1m bude jist\u011b hezky ub\u00edhat, kdy\u017e se zaposlouch\u00e1me do m\u00edstn\u00ed \u0159\u00ed\u010dky Mumlavy. Ani to nezabol\u00ed a budeme m\u00edt za sebou dnes celkem 17 km a t\u00edm budeme s nejv\u011bt\u0161\u00ed pravd\u011bpodobnost\u00ed na za\u010d\u00e1tku horsk\u00e9ho st\u0159ediska Harrachov. Pokud je libo, odbo\u010d\u00edme do Anensk\u00e9ho \u00fadol\u00ed, co\u017e je sp\u00ed\u0161e pro horsk\u00e1 kola, ale rozhodn\u011b p\u0159\u00edjemn\u00e9 po t\u011bch n\u011bkolika kilometrech ru\u0161n\u00e9ho provozu. A nebo zatneme zuby a jedeme st\u00e1le po hlavn\u00ed sm\u011brem na hranice, mineme odbo\u010dku do m\u011bsta a doprava odbo\u010d\u00edme a\u017e kdy\u017e n\u00e1s budou ukazatele sv\u00e1d\u011bt na z\u00e1chytn\u00e9 parkovi\u0161t\u011b. D\u00e1me si \u0159\u00edct a dojedeme a\u017e na m\u00edsto, kde je p\u0159es silnici jak\u00fdsi most, kter\u00fd je v m\u00edst\u011b odbo\u010dky k Mumlavsk\u00fdm vodop\u00e1d\u016fm.<br \/>\nVyd\u00e1me se tedy po tzv. Harrachov\u011b cest\u011b sm\u011brem vzh\u016fru k v\u00fd\u0161e zm\u00edn\u011bn\u00fdm vodop\u00e1d\u016fm.<\/p>\n<div style=\"width: 310px\" class=\"wp-caption alignright\"><img loading=\"lazy\" decoding=\"async\" class=\"ngg-singlepic ngg-right\" src=\"http:\/\/www.sklenarice.com\/wp-content\/gallery\/barevne-foceno-digitalem\/g051019005.jpg\" alt=\"Mumlavsk\u00fd vodop\u00e1d\" width=\"300\" height=\"225\" \/><p class=\"wp-caption-text\">Mumlavsk\u00fd vodop\u00e1d<\/p><\/div>\n<p style=\"text-align: justify;\">To stoup\u00e1n\u00ed je slu\u0161n\u00e9, ale s\u00edlu n\u00e1m dod\u00e1v\u00e1 Mumlava, kter\u00e1 je hned vedle a vesele si to kva\u010d\u00ed opa\u010dn\u00fdm sm\u011brem, ne\u017e my. Docela \u0161koda, \u017ee je v n\u00ed zak\u00e1z\u00e1no koup\u00e1n\u00ed. U vodop\u00e1d\u016f se dlouho nezdr\u017e\u00edme a pokra\u010dujeme nahoru na &#8220;sn\u00eddani&#8221;. V\u0161ak bude zaslou\u017een\u00e1, proto\u017ee t\u011bch 5 kilometr\u016f st\u00e1l\u00e9ho stoup\u00e1n\u00ed \u010dlov\u011bka vys\u00edl\u00ed. Nejlep\u0161\u00ed je, \u017ee to tou sn\u00eddan\u00ed nekon\u010d\u00ed, ale stoupat m\u016f\u017eeme je\u0161t\u011b chv\u00edli a to jako by na kopec Zadn\u00ed Plech (1210 m.n.m.). Jeho vrcholu v\u0161ak zdaleka nedos\u00e1hneme a po kl\u00e1dov\u00e9 cest\u011b se dostaneme p\u0159\u00edjemn\u00fdm kles\u00e1n\u00edm a\u017e na lesn\u00ed k\u0159i\u017eovatku ve tvaru p\u00edsmene &#8220;T&#8221;, kde uhneme doleva na Ru\u010di\u010dky. Kdybysme uhli doprava, vr\u00e1t\u00edme se p\u0159es R\u00fd\u017eovi\u0161t\u011b zp\u011bt do Harrachova a to by v na\u0161em p\u0159\u00edpad\u011b bylo docela pl\u00fdtv\u00e1n\u00ed nadmo\u0159skou v\u00fd\u0161kou. J\u00e1 jsem tak toti\u017e ud\u011blal a proto nem\u016f\u017eu podrobn\u011bji popsat tu variantu p\u0159es Rokytnici. V\u00edm jen, \u017ee je ur\u010dit\u011b lep\u0161\u00ed ne\u017e ta Harrachovsk\u00e1, proto\u017ee se dom\u016f nevrac\u00edme stejnou cestou, jako jsme p\u0159ijeli a m\u00e1me mo\u017enost vid\u011bt zase kus nepoznan\u00e9 krkono\u0161sk\u00e9 p\u0159\u00edrody. Kousek od Ru\u010di\u010dek jsou Dvora\u010dky, mysl\u00edm, \u017ee cyklisticky dosa\u017eiteln\u00e9. Ale o t\u00e9to \u010d\u00e1sti trasy se rozep\u00ed\u0161u v\u00edce, a\u017e ji osobn\u011b projedu. Vzhledem ke sn\u011bhov\u00e9 pokr\u00fdvce to nebude z\u0159ejm\u011b d\u0159\u00edve ne\u017e v m\u011bs\u00edci \u010dervnu.<br \/>\nCesta Pasekama nahoru je tak\u00e9 pom\u011brn\u011b n\u00e1ro\u010dn\u00e1 na fyzi\u010dku, ale kdo zn\u00e1 tuhle kr\u00e1snou vesni\u010dku, ur\u010dit\u011b r\u00e1d vypust\u00ed du\u0161i, jen aby si ji dokonale prohl\u00e9dl. Je to sam\u00e1 rouben\u00e1 chalupa a v\u011b\u0159te mi a nebo ne, le\u017e\u00ed zde i Makovsk\u00fd ml\u00fdn, zm\u00edn\u011bn\u00fd v pov\u00eddce o Tom\u00e1\u0161ov\u011b k\u0159\u00ed\u017ei.<br \/>\nTak\u017ee nen\u00ed kam sp\u011bchat p\u0159i tom stoup\u00e1n\u00ed, v klidu se rozhl\u00ed\u017e\u00edme po krajin\u011b. A to nemluv\u00edm o barokn\u00edm kostelu svat\u00e9ho V\u00e1clava a o Pam\u00e1tn\u00edku Zapadl\u00fdch vlastenc\u016f naproti n\u011bmu. Po t\u00e9to vlastiv\u011bdn\u00e9 cest\u011b se dostaneme a\u017e na \u010cerm\u00e1kovy Rovn\u011b, kde na k\u0159i\u017eovatce odbo\u010d\u00edme doleva a posledn\u00edch 1500 metr\u016f si vychutn\u00e1me jako zaslou\u017een\u00fd odpo\u010dinek, proto\u017ee pojedeme z kopce.<\/p>\n","protected":false},"excerpt":{"rendered":"<p>&#8212; 65 km &#8212; TRASA: Sklena\u0159ice &#8211; \u010cerm\u00e1kovy Rovn\u011b (2km) &#8211; Rejdice (4km) &#8211; P\u0159\u00edchovice, odb. na \u0160t\u011bp\u00e1nku (7,5km) &#8211; P\u0159\u00edchovice, motorest Beseda (9km) &#8211; Horn\u00ed Polubn\u00fd, kostel (11,5km) &#8211; &#8220;Mejto&#8221; (14km) &#8211; Harrachov (17km) &#8211; Mumlavsk\u00e9 vodop\u00e1dy &#8211; Krakono\u0161ova sn\u00eddan\u011b &#8211; Ru\u010di\u010dky &#8211; Rokytnice nad Jizerou &#8211; Paseky nad Jizerou &#8211; Sklena\u0159ice Vylo\u017een\u011b horsk\u00e1 [&hellip;]<\/p>\n","protected":false},"author":1,"featured_media":0,"parent":54,"menu_order":0,"comment_status":"closed","ping_status":"closed","template":"","meta":{"ngg_post_thumbnail":0,"footnotes":""},"class_list":["post-69","page","type-page","status-publish","hentry"],"yoast_head":"<!-- This site is optimized with the Yoast SEO plugin v27.4 - https:\/\/yoast.com\/product\/yoast-seo-wordpress\/ -->\n<title>Za Krakono\u0161em na sn\u00eddani - Sklena\u0159ice<\/title>\n<meta name=\"robots\" content=\"index, follow, max-snippet:-1, max-image-preview:large, max-video-preview:-1\" \/>\n<link rel=\"canonical\" href=\"https:\/\/www.sklenarice.com\/aktuality\/tipy\/vylety\/za-krakonosem-na-snidani\/\" \/>\n<meta property=\"og:locale\" content=\"cs_CZ\" \/>\n<meta property=\"og:type\" content=\"article\" \/>\n<meta property=\"og:title\" content=\"Za Krakono\u0161em na sn\u00eddani - Sklena\u0159ice\" \/>\n<meta property=\"og:description\" content=\"&#8212; 65 km &#8212; TRASA: Sklena\u0159ice &#8211; \u010cerm\u00e1kovy Rovn\u011b (2km) &#8211; Rejdice (4km) &#8211; P\u0159\u00edchovice, odb. na \u0160t\u011bp\u00e1nku (7,5km) &#8211; P\u0159\u00edchovice, motorest Beseda (9km) &#8211; Horn\u00ed Polubn\u00fd, kostel (11,5km) &#8211; &#8220;Mejto&#8221; (14km) &#8211; Harrachov (17km) &#8211; Mumlavsk\u00e9 vodop\u00e1dy &#8211; Krakono\u0161ova sn\u00eddan\u011b &#8211; Ru\u010di\u010dky &#8211; Rokytnice nad Jizerou &#8211; Paseky nad Jizerou &#8211; Sklena\u0159ice Vylo\u017een\u011b horsk\u00e1 [&hellip;]\" \/>\n<meta property=\"og:url\" content=\"https:\/\/www.sklenarice.com\/aktuality\/tipy\/vylety\/za-krakonosem-na-snidani\/\" \/>\n<meta property=\"og:site_name\" content=\"Sklena\u0159ice\" \/>\n<meta property=\"article:publisher\" content=\"https:\/\/www.facebook.com\/sklenky\/\" \/>\n<meta property=\"article:modified_time\" content=\"2015-01-12T20:30:48+00:00\" \/>\n<meta property=\"og:image\" content=\"http:\/\/www.sklenarice.com\/wp-content\/gallery\/barevne-foceno-digitalem\/g051019005.jpg\" \/>\n<meta name=\"twitter:card\" content=\"summary_large_image\" \/>\n<meta name=\"twitter:label1\" content=\"Odhadovan\u00e1 doba \u010dten\u00ed\" \/>\n\t<meta name=\"twitter:data1\" content=\"7 minut\" \/>\n<script type=\"application\/ld+json\" class=\"yoast-schema-graph\">{\"@context\":\"https:\\\/\\\/schema.org\",\"@graph\":[{\"@type\":\"WebPage\",\"@id\":\"https:\\\/\\\/www.sklenarice.com\\\/aktuality\\\/tipy\\\/vylety\\\/za-krakonosem-na-snidani\\\/\",\"url\":\"https:\\\/\\\/www.sklenarice.com\\\/aktuality\\\/tipy\\\/vylety\\\/za-krakonosem-na-snidani\\\/\",\"name\":\"Za Krakono\u0161em na sn\u00eddani - Sklena\u0159ice\",\"isPartOf\":{\"@id\":\"https:\\\/\\\/www.sklenarice.com\\\/aktuality\\\/#website\"},\"primaryImageOfPage\":{\"@id\":\"https:\\\/\\\/www.sklenarice.com\\\/aktuality\\\/tipy\\\/vylety\\\/za-krakonosem-na-snidani\\\/#primaryimage\"},\"image\":{\"@id\":\"https:\\\/\\\/www.sklenarice.com\\\/aktuality\\\/tipy\\\/vylety\\\/za-krakonosem-na-snidani\\\/#primaryimage\"},\"thumbnailUrl\":\"http:\\\/\\\/www.sklenarice.com\\\/wp-content\\\/gallery\\\/barevne-foceno-digitalem\\\/g051019005.jpg\",\"datePublished\":\"2014-08-16T14:35:07+00:00\",\"dateModified\":\"2015-01-12T20:30:48+00:00\",\"breadcrumb\":{\"@id\":\"https:\\\/\\\/www.sklenarice.com\\\/aktuality\\\/tipy\\\/vylety\\\/za-krakonosem-na-snidani\\\/#breadcrumb\"},\"inLanguage\":\"cs\",\"potentialAction\":[{\"@type\":\"ReadAction\",\"target\":[\"https:\\\/\\\/www.sklenarice.com\\\/aktuality\\\/tipy\\\/vylety\\\/za-krakonosem-na-snidani\\\/\"]}]},{\"@type\":\"ImageObject\",\"inLanguage\":\"cs\",\"@id\":\"https:\\\/\\\/www.sklenarice.com\\\/aktuality\\\/tipy\\\/vylety\\\/za-krakonosem-na-snidani\\\/#primaryimage\",\"url\":\"http:\\\/\\\/www.sklenarice.com\\\/wp-content\\\/gallery\\\/barevne-foceno-digitalem\\\/g051019005.jpg\",\"contentUrl\":\"http:\\\/\\\/www.sklenarice.com\\\/wp-content\\\/gallery\\\/barevne-foceno-digitalem\\\/g051019005.jpg\"},{\"@type\":\"BreadcrumbList\",\"@id\":\"https:\\\/\\\/www.sklenarice.com\\\/aktuality\\\/tipy\\\/vylety\\\/za-krakonosem-na-snidani\\\/#breadcrumb\",\"itemListElement\":[{\"@type\":\"ListItem\",\"position\":1,\"name\":\"Dom\u016f\",\"item\":\"https:\\\/\\\/www.sklenarice.com\\\/aktuality\\\/\"},{\"@type\":\"ListItem\",\"position\":2,\"name\":\"Tipy\",\"item\":\"https:\\\/\\\/www.sklenarice.com\\\/aktuality\\\/tipy\\\/\"},{\"@type\":\"ListItem\",\"position\":3,\"name\":\"Cyklov\u00fdlety\",\"item\":\"https:\\\/\\\/www.sklenarice.com\\\/aktuality\\\/tipy\\\/vylety\\\/\"},{\"@type\":\"ListItem\",\"position\":4,\"name\":\"Za Krakono\u0161em na sn\u00eddani\"}]},{\"@type\":\"WebSite\",\"@id\":\"https:\\\/\\\/www.sklenarice.com\\\/aktuality\\\/#website\",\"url\":\"https:\\\/\\\/www.sklenarice.com\\\/aktuality\\\/\",\"name\":\"Sklena\u0159ice\",\"description\":\"str\u00e1nky obce z podh\u016f\u0159\u00ed Krkono\u0161 a Jizersk\u00fdch hor\",\"potentialAction\":[{\"@type\":\"SearchAction\",\"target\":{\"@type\":\"EntryPoint\",\"urlTemplate\":\"https:\\\/\\\/www.sklenarice.com\\\/aktuality\\\/?s={search_term_string}\"},\"query-input\":{\"@type\":\"PropertyValueSpecification\",\"valueRequired\":true,\"valueName\":\"search_term_string\"}}],\"inLanguage\":\"cs\"}]}<\/script>\n<!-- \/ Yoast SEO plugin. -->","yoast_head_json":{"title":"Za Krakono\u0161em na sn\u00eddani - Sklena\u0159ice","robots":{"index":"index","follow":"follow","max-snippet":"max-snippet:-1","max-image-preview":"max-image-preview:large","max-video-preview":"max-video-preview:-1"},"canonical":"https:\/\/www.sklenarice.com\/aktuality\/tipy\/vylety\/za-krakonosem-na-snidani\/","og_locale":"cs_CZ","og_type":"article","og_title":"Za Krakono\u0161em na sn\u00eddani - Sklena\u0159ice","og_description":"&#8212; 65 km &#8212; TRASA: Sklena\u0159ice &#8211; \u010cerm\u00e1kovy Rovn\u011b (2km) &#8211; Rejdice (4km) &#8211; P\u0159\u00edchovice, odb. na \u0160t\u011bp\u00e1nku (7,5km) &#8211; P\u0159\u00edchovice, motorest Beseda (9km) &#8211; Horn\u00ed Polubn\u00fd, kostel (11,5km) &#8211; &#8220;Mejto&#8221; (14km) &#8211; Harrachov (17km) &#8211; Mumlavsk\u00e9 vodop\u00e1dy &#8211; Krakono\u0161ova sn\u00eddan\u011b &#8211; Ru\u010di\u010dky &#8211; Rokytnice nad Jizerou &#8211; Paseky nad Jizerou &#8211; Sklena\u0159ice Vylo\u017een\u011b horsk\u00e1 [&hellip;]","og_url":"https:\/\/www.sklenarice.com\/aktuality\/tipy\/vylety\/za-krakonosem-na-snidani\/","og_site_name":"Sklena\u0159ice","article_publisher":"https:\/\/www.facebook.com\/sklenky\/","article_modified_time":"2015-01-12T20:30:48+00:00","og_image":[{"url":"http:\/\/www.sklenarice.com\/wp-content\/gallery\/barevne-foceno-digitalem\/g051019005.jpg","type":"","width":"","height":""}],"twitter_card":"summary_large_image","twitter_misc":{"Odhadovan\u00e1 doba \u010dten\u00ed":"7 minut"},"schema":{"@context":"https:\/\/schema.org","@graph":[{"@type":"WebPage","@id":"https:\/\/www.sklenarice.com\/aktuality\/tipy\/vylety\/za-krakonosem-na-snidani\/","url":"https:\/\/www.sklenarice.com\/aktuality\/tipy\/vylety\/za-krakonosem-na-snidani\/","name":"Za Krakono\u0161em na sn\u00eddani - Sklena\u0159ice","isPartOf":{"@id":"https:\/\/www.sklenarice.com\/aktuality\/#website"},"primaryImageOfPage":{"@id":"https:\/\/www.sklenarice.com\/aktuality\/tipy\/vylety\/za-krakonosem-na-snidani\/#primaryimage"},"image":{"@id":"https:\/\/www.sklenarice.com\/aktuality\/tipy\/vylety\/za-krakonosem-na-snidani\/#primaryimage"},"thumbnailUrl":"http:\/\/www.sklenarice.com\/wp-content\/gallery\/barevne-foceno-digitalem\/g051019005.jpg","datePublished":"2014-08-16T14:35:07+00:00","dateModified":"2015-01-12T20:30:48+00:00","breadcrumb":{"@id":"https:\/\/www.sklenarice.com\/aktuality\/tipy\/vylety\/za-krakonosem-na-snidani\/#breadcrumb"},"inLanguage":"cs","potentialAction":[{"@type":"ReadAction","target":["https:\/\/www.sklenarice.com\/aktuality\/tipy\/vylety\/za-krakonosem-na-snidani\/"]}]},{"@type":"ImageObject","inLanguage":"cs","@id":"https:\/\/www.sklenarice.com\/aktuality\/tipy\/vylety\/za-krakonosem-na-snidani\/#primaryimage","url":"http:\/\/www.sklenarice.com\/wp-content\/gallery\/barevne-foceno-digitalem\/g051019005.jpg","contentUrl":"http:\/\/www.sklenarice.com\/wp-content\/gallery\/barevne-foceno-digitalem\/g051019005.jpg"},{"@type":"BreadcrumbList","@id":"https:\/\/www.sklenarice.com\/aktuality\/tipy\/vylety\/za-krakonosem-na-snidani\/#breadcrumb","itemListElement":[{"@type":"ListItem","position":1,"name":"Dom\u016f","item":"https:\/\/www.sklenarice.com\/aktuality\/"},{"@type":"ListItem","position":2,"name":"Tipy","item":"https:\/\/www.sklenarice.com\/aktuality\/tipy\/"},{"@type":"ListItem","position":3,"name":"Cyklov\u00fdlety","item":"https:\/\/www.sklenarice.com\/aktuality\/tipy\/vylety\/"},{"@type":"ListItem","position":4,"name":"Za Krakono\u0161em na sn\u00eddani"}]},{"@type":"WebSite","@id":"https:\/\/www.sklenarice.com\/aktuality\/#website","url":"https:\/\/www.sklenarice.com\/aktuality\/","name":"Sklena\u0159ice","description":"str\u00e1nky obce z podh\u016f\u0159\u00ed Krkono\u0161 a Jizersk\u00fdch hor","potentialAction":[{"@type":"SearchAction","target":{"@type":"EntryPoint","urlTemplate":"https:\/\/www.sklenarice.com\/aktuality\/?s={search_term_string}"},"query-input":{"@type":"PropertyValueSpecification","valueRequired":true,"valueName":"search_term_string"}}],"inLanguage":"cs"}]}},"_links":{"self":[{"href":"https:\/\/www.sklenarice.com\/aktuality\/wp-json\/wp\/v2\/pages\/69","targetHints":{"allow":["GET"]}}],"collection":[{"href":"https:\/\/www.sklenarice.com\/aktuality\/wp-json\/wp\/v2\/pages"}],"about":[{"href":"https:\/\/www.sklenarice.com\/aktuality\/wp-json\/wp\/v2\/types\/page"}],"author":[{"embeddable":true,"href":"https:\/\/www.sklenarice.com\/aktuality\/wp-json\/wp\/v2\/users\/1"}],"replies":[{"embeddable":true,"href":"https:\/\/www.sklenarice.com\/aktuality\/wp-json\/wp\/v2\/comments?post=69"}],"version-history":[{"count":3,"href":"https:\/\/www.sklenarice.com\/aktuality\/wp-json\/wp\/v2\/pages\/69\/revisions"}],"predecessor-version":[{"id":723,"href":"https:\/\/www.sklenarice.com\/aktuality\/wp-json\/wp\/v2\/pages\/69\/revisions\/723"}],"up":[{"embeddable":true,"href":"https:\/\/www.sklenarice.com\/aktuality\/wp-json\/wp\/v2\/pages\/54"}],"wp:attachment":[{"href":"https:\/\/www.sklenarice.com\/aktuality\/wp-json\/wp\/v2\/media?parent=69"}],"curies":[{"name":"wp","href":"https:\/\/api.w.org\/{rel}","templated":true}]}}