{"id":76,"date":"2014-08-16T16:45:31","date_gmt":"2014-08-16T14:45:31","guid":{"rendered":"http:\/\/www.sklenarice.com\/?page_id=76"},"modified":"2014-08-27T21:09:58","modified_gmt":"2014-08-27T19:09:58","slug":"z-historie-tohoto-webu","status":"publish","type":"page","link":"https:\/\/www.sklenarice.com\/aktuality\/kontakt\/z-historie-tohoto-webu\/","title":{"rendered":"Z historie tohoto webu"},"content":{"rendered":"<div style=\"text-align: justify;\">\n<ul>\n<li>16.8.2014 se d\u011bjou v\u011bci, po v\u00edce jak p\u011bti letech za\u010d\u00edn\u00e1m p\u0159esouvat web z eZ na WordPress. Mo\u017en\u00e1 dva roky jsem o tom p\u0159em\u00fd\u0161lel. Snad to bude p\u0159\u00ednosem a hlavn\u011b, snad to brzo p\u0159evedu.<\/li>\n<li>Proto\u017ee m\u016fj ta\u0165ka vy\u0159ez\u00e1v\u00e1 Krakono\u0161e, p\u0159idal jsem mu na str\u00e1nky <a title=\"Krakono\u0161ov\u00e9 od m\u00e9ho t\u00e1ty\" href=\"http:\/\/www.sklenarice.com\/krakonosove\/ \">reklamu<\/a> .<\/li>\n<li>Na svat\u00e9ho \u0160t\u011bp\u00e1na 2009 jsem na\u0161el tro\u0161ku \u010dasu a p\u0159idal zase p\u00e1r sou\u010dasn\u00fdch fotografi\u00ed a v sekci Diskuse zalo\u017eil sekci pro zaj\u00edmavosti z okol\u00ed Sklena\u0159ic.<\/li>\n<li>K V\u00e1noc\u016fm jsem tomuto webu dal mal\u00fd d\u00e1rek. Zaregistroval jsem dom\u00e9nu sklena\u0159ice.com, kter\u00e1 stejn\u011b jako ta star\u0161\u00ed sklenarice.com sm\u011b\u0159uje na str\u00e1nky o m\u00e9 rodn\u00e9 v\u00edsce. V\u00edce informac\u00ed o tzv. IDN lze naj\u00edt <a title=\"IDN\" href=\"http:\/\/napoveda.active24.cz\/idx.php\/0\/367\/article\/\" target=\"_self\">zde<\/a> .<\/li>\n<li>Dne 22.2.2009 p\u0159esouv\u00e1m web na eZ CMS a za\u010d\u00edn\u00e1m p\u0159ed\u011bl\u00e1vat obsah str\u00e1nek.<\/li>\n<li>Cel\u00e9 l\u00e9to nebyl \u010das, tak\u017ee a\u017e dneska zase p\u00e1r fotek z leto\u0161n\u00edho roku, 30.9.2005.<\/li>\n<li>Asi proto, \u017ee za\u010dal m\u011bs\u00edc internetu, p\u0159idal jsem dne 1.3.2005 celou \u0159adu kr\u00e1sn\u00fdch fotografi\u00ed Sklena\u0159ic a bl\u00edzk\u00e9ho okol\u00ed.<\/li>\n<li>Velk\u00e1 zm\u011bna! Dne 18.2.2005 jsem str\u00e1nky p\u0159esunul na <a href=\"http:\/\/www.sklenarice.com\/\" target=\"_BLANK\">www.sklenarice.com<\/a> , p\u016fvodn\u00ed webpark byl u\u017e p\u0159\u00edli\u0161 omezuj\u00edc\u00ed a bylo mi l\u00edto, kdy\u017e u\u017e jsem se se str\u00e1nkami p\u0159ed \u010dasem pracn\u011b tvo\u0159il, aby z\u016fstaly nevystaveny.<\/li>\n<li>Za\u010d\u00e1tkem \u010dervna 2003 se zase po letech \u010dlov\u011bk m\u016f\u017ee projet do Zlat\u00e9 Ole\u0161nice, ani\u017e by si n\u011bco ud\u011blal. Ud\u011blali n\u00e1m tam nov\u00fd potah.<\/li>\n<li>V pond\u011bl\u00ed 13.1.2003 jsem doplnil pov\u011bst o Tom\u00e1\u0161ov\u011b k\u0159\u00ed\u017ei fotografi\u00ed pr\u00e1v\u011b tohoto k\u0159\u00ed\u017ee<\/li>\n<li>Ve st\u0159edu 18.12.2002 jsem zase po dloooouuuh\u00e9 dob\u011b p\u0159idal n\u011bjakou sou\u010dasnou fotku.<\/li>\n<li>V pond\u011bl\u00ed 3.6.2002 jsem p\u0159idal 3 sou\u010dasn\u00e9 fotky! Na v\u00edc zat\u00edm nen\u00ed \u010das.<\/li>\n<li>V pond\u011bl\u00ed 25.3.2002 zesv\u011btluju str\u00e1nky, proto\u017ee jste m\u011bli s tou p\u0159ehnanou tmavost\u00ed pravdu. Snad nebude na \u0161kodu, \u017ee z\u016fstanou i nad\u00e1le kr\u00e1sn\u011b zelen\u00e9 &#8230;<\/li>\n<li>V sobotu 23.3.2002 se Sklena\u0159ice hal\u00ed op\u011bt do b\u00edl\u00e9 sn\u011bhov\u00e9 pe\u0159iny a tak dopisuju ji\u017e p\u00e1tou a \u0161estou cyklistickou trasu &#8211; Protr\u017een\u00e1 a Sou\u0161sk\u00e1 p\u0159ehrada a Smrk. Z\u00e1rove\u0148 p\u0159id\u00e1v\u00e1m 4 fotografie z leto\u0161n\u00ed zimy do sou\u010dasn\u00fdch sn\u00edmk\u016f.<\/li>\n<li>V p\u00e1tek 22.3.2002 byla p\u0159id\u00e1na do pat\u0159i\u010dn\u00e9 sekce dal\u0161\u00ed cyklistick\u00e1 trasa, Josefodolsk\u00e1. \u0160koda, \u017ee jsem ji proj\u00ed\u017ed\u011bl dnes jen v mysli, proto\u017ee venkovn\u00edch +2\u00b0C a poletuj\u00edc\u00ed sn\u00edh na kolo zrovna nezval.<\/li>\n<li>V pond\u011bl\u00ed 18.3.2002 jsem opravil spoustu hrub\u00fdch pravopisn\u00fdch chyb a p\u0159eklep\u016f, kter\u00e9 se na str\u00e1nk\u00e1ch vyskytly. Ne z vlastn\u00ed v\u016fle, ale d\u00edky opravdov\u00e9mu z\u00e1jmu spolutv\u016frkyn\u011b str\u00e1nek ze sousedn\u00edch Pasek nad Jizerou, jinak toti\u017e Alenu nazvat ji\u017e nemohu. 100x d\u00edky.<\/li>\n<li>D\u00edky Ko\u010dkinzov\u011b rad\u011b jsem mohl 14.3.2002 um\u00edstit na web knihu n\u00e1v\u0161t\u011bv, tak se m\u016f\u017eete vy\u0159\u00e1dit &#8230;<\/li>\n<li>Ve st\u0159edu jsem um\u00edstil na str\u00e1nky opravenou verzi pov\u011bsti o Tom\u00e1\u0161ov\u011b k\u0159\u00ed\u017ei. D\u00edky Alen\u011b Jonov\u00e9 z Pasek nad Jizerou, kter\u00e1 mn\u011b poslala tuto opravenou verzi. D\u00e1le d\u011bkuji za spolupr\u00e1ci G\u00e1bin\u011b, Miborovi, Bobovi a \u017d\u00e1b\u011b. Vyj\u00e1d\u0159en\u00ed k jejich p\u0159ipom\u00ednk\u00e1m jsem jim zaslal.<\/li>\n<li>V \u00fater\u00fd 12.3.2002 jsem um\u00edstil na str\u00e1nky 36 historick\u00fdch fotografi\u00ed Sklena\u0159ic a bl\u00edzk\u00e9ho okol\u00ed. D\u011bkuju za mo\u017enost skenov\u00e1n\u00ed Houb\u011b!!!<\/li>\n<li>V ned\u011bli 10.3.2002 jsem popsal prvn\u00ed dv\u011b cyklistick\u00e9 trasy. Za\u010d\u00edn\u00e1m m\u00edt pocit, \u017ee bych pot\u0159eboval n\u011bjakou p\u00edsa\u0159ku.<\/li>\n<li>V p\u00e1tek 8.3.2002 jsem kone\u010dn\u011b sehnal znak Sklena\u0159ic. D\u00e1le jsem rozpracoval mo\u017enosti v\u00fdletov\u00e1n\u00ed ze Sklena\u0159ic. V\u0161echno d\u00e1 ale opravdu je\u0161t\u011b hodn\u011b pr\u00e1ce, tak jen trp\u011blivost.<\/li>\n<li>Ve st\u0159edu 6.3.2002 jsem s vyp\u011bt\u00edm v\u0161ech sil dopsal sekci pov\u011bsti. Zvl\u00e1\u0161t\u011b p\u0159\u00edb\u011bh o Tom\u00e1\u0161ov\u011b k\u0159\u00ed\u017ei stoj\u00ed za to &#8230;<\/li>\n<li>V sobotu 9.3.2002 po\u0159\u00e1daj\u00ed m\u00edstn\u00ed hasi\u010di v Sokolovn\u011b Bab\u00ed hop<\/li>\n<li>V \u00fater\u00fd 5.3.2002 byla dops\u00e1na historie obce Sklena\u0159ice v hrub\u00fdch obrysech. M\u00fdm z\u00e1m\u011brem je v\u011bnovat se n\u011bkter\u00fdm historick\u00fdm ud\u00e1lostem podrobn\u011bji. Te\u010f v\u0161ak soust\u0159ed\u00edm pozornost na pov\u011bsti, kter\u00e9 jsou se Sklena\u0159icemi spjaty.<\/li>\n<li>V pond\u011bl\u00ed 4.3.2002 jsem na internet um\u00edstil tyto str\u00e1nky<\/li>\n<\/ul>\n<\/div>\n","protected":false},"excerpt":{"rendered":"<p>16.8.2014 se d\u011bjou v\u011bci, po v\u00edce jak p\u011bti letech za\u010d\u00edn\u00e1m p\u0159esouvat web z eZ na WordPress. Mo\u017en\u00e1 dva roky jsem o tom p\u0159em\u00fd\u0161lel. Snad to bude p\u0159\u00ednosem a hlavn\u011b, snad to brzo p\u0159evedu. Proto\u017ee m\u016fj ta\u0165ka vy\u0159ez\u00e1v\u00e1 Krakono\u0161e, p\u0159idal jsem mu na str\u00e1nky reklamu . Na svat\u00e9ho \u0160t\u011bp\u00e1na 2009 jsem na\u0161el tro\u0161ku \u010dasu a p\u0159idal [&hellip;]<\/p>\n","protected":false},"author":1,"featured_media":0,"parent":86,"menu_order":0,"comment_status":"closed","ping_status":"closed","template":"","meta":{"ngg_post_thumbnail":0,"footnotes":""},"class_list":["post-76","page","type-page","status-publish","hentry"],"yoast_head":"<!-- This site is optimized with the Yoast SEO plugin v27.4 - https:\/\/yoast.com\/product\/yoast-seo-wordpress\/ -->\n<title>Z historie tohoto webu - Sklena\u0159ice<\/title>\n<meta name=\"robots\" content=\"index, follow, max-snippet:-1, max-image-preview:large, max-video-preview:-1\" \/>\n<link rel=\"canonical\" href=\"https:\/\/www.sklenarice.com\/aktuality\/kontakt\/z-historie-tohoto-webu\/\" \/>\n<meta property=\"og:locale\" content=\"cs_CZ\" \/>\n<meta property=\"og:type\" content=\"article\" \/>\n<meta property=\"og:title\" content=\"Z historie tohoto webu - Sklena\u0159ice\" \/>\n<meta property=\"og:description\" content=\"16.8.2014 se d\u011bjou v\u011bci, po v\u00edce jak p\u011bti letech za\u010d\u00edn\u00e1m p\u0159esouvat web z eZ na WordPress. Mo\u017en\u00e1 dva roky jsem o tom p\u0159em\u00fd\u0161lel. Snad to bude p\u0159\u00ednosem a hlavn\u011b, snad to brzo p\u0159evedu. Proto\u017ee m\u016fj ta\u0165ka vy\u0159ez\u00e1v\u00e1 Krakono\u0161e, p\u0159idal jsem mu na str\u00e1nky reklamu . Na svat\u00e9ho \u0160t\u011bp\u00e1na 2009 jsem na\u0161el tro\u0161ku \u010dasu a p\u0159idal [&hellip;]\" \/>\n<meta property=\"og:url\" content=\"https:\/\/www.sklenarice.com\/aktuality\/kontakt\/z-historie-tohoto-webu\/\" \/>\n<meta property=\"og:site_name\" content=\"Sklena\u0159ice\" \/>\n<meta property=\"article:publisher\" content=\"https:\/\/www.facebook.com\/sklenky\/\" \/>\n<meta property=\"article:modified_time\" content=\"2014-08-27T19:09:58+00:00\" \/>\n<meta name=\"twitter:card\" content=\"summary_large_image\" \/>\n<meta name=\"twitter:label1\" content=\"Odhadovan\u00e1 doba \u010dten\u00ed\" \/>\n\t<meta name=\"twitter:data1\" content=\"4 minuty\" \/>\n<script type=\"application\/ld+json\" class=\"yoast-schema-graph\">{\"@context\":\"https:\\\/\\\/schema.org\",\"@graph\":[{\"@type\":\"WebPage\",\"@id\":\"https:\\\/\\\/www.sklenarice.com\\\/aktuality\\\/kontakt\\\/z-historie-tohoto-webu\\\/\",\"url\":\"https:\\\/\\\/www.sklenarice.com\\\/aktuality\\\/kontakt\\\/z-historie-tohoto-webu\\\/\",\"name\":\"Z historie tohoto webu - Sklena\u0159ice\",\"isPartOf\":{\"@id\":\"https:\\\/\\\/www.sklenarice.com\\\/aktuality\\\/#website\"},\"datePublished\":\"2014-08-16T14:45:31+00:00\",\"dateModified\":\"2014-08-27T19:09:58+00:00\",\"breadcrumb\":{\"@id\":\"https:\\\/\\\/www.sklenarice.com\\\/aktuality\\\/kontakt\\\/z-historie-tohoto-webu\\\/#breadcrumb\"},\"inLanguage\":\"cs\",\"potentialAction\":[{\"@type\":\"ReadAction\",\"target\":[\"https:\\\/\\\/www.sklenarice.com\\\/aktuality\\\/kontakt\\\/z-historie-tohoto-webu\\\/\"]}]},{\"@type\":\"BreadcrumbList\",\"@id\":\"https:\\\/\\\/www.sklenarice.com\\\/aktuality\\\/kontakt\\\/z-historie-tohoto-webu\\\/#breadcrumb\",\"itemListElement\":[{\"@type\":\"ListItem\",\"position\":1,\"name\":\"Dom\u016f\",\"item\":\"https:\\\/\\\/www.sklenarice.com\\\/aktuality\\\/\"},{\"@type\":\"ListItem\",\"position\":2,\"name\":\"Kontakt\",\"item\":\"https:\\\/\\\/www.sklenarice.com\\\/aktuality\\\/kontakt\\\/\"},{\"@type\":\"ListItem\",\"position\":3,\"name\":\"Z historie tohoto webu\"}]},{\"@type\":\"WebSite\",\"@id\":\"https:\\\/\\\/www.sklenarice.com\\\/aktuality\\\/#website\",\"url\":\"https:\\\/\\\/www.sklenarice.com\\\/aktuality\\\/\",\"name\":\"Sklena\u0159ice\",\"description\":\"str\u00e1nky obce z podh\u016f\u0159\u00ed Krkono\u0161 a Jizersk\u00fdch hor\",\"potentialAction\":[{\"@type\":\"SearchAction\",\"target\":{\"@type\":\"EntryPoint\",\"urlTemplate\":\"https:\\\/\\\/www.sklenarice.com\\\/aktuality\\\/?s={search_term_string}\"},\"query-input\":{\"@type\":\"PropertyValueSpecification\",\"valueRequired\":true,\"valueName\":\"search_term_string\"}}],\"inLanguage\":\"cs\"}]}<\/script>\n<!-- \/ Yoast SEO plugin. -->","yoast_head_json":{"title":"Z historie tohoto webu - Sklena\u0159ice","robots":{"index":"index","follow":"follow","max-snippet":"max-snippet:-1","max-image-preview":"max-image-preview:large","max-video-preview":"max-video-preview:-1"},"canonical":"https:\/\/www.sklenarice.com\/aktuality\/kontakt\/z-historie-tohoto-webu\/","og_locale":"cs_CZ","og_type":"article","og_title":"Z historie tohoto webu - Sklena\u0159ice","og_description":"16.8.2014 se d\u011bjou v\u011bci, po v\u00edce jak p\u011bti letech za\u010d\u00edn\u00e1m p\u0159esouvat web z eZ na WordPress. Mo\u017en\u00e1 dva roky jsem o tom p\u0159em\u00fd\u0161lel. Snad to bude p\u0159\u00ednosem a hlavn\u011b, snad to brzo p\u0159evedu. Proto\u017ee m\u016fj ta\u0165ka vy\u0159ez\u00e1v\u00e1 Krakono\u0161e, p\u0159idal jsem mu na str\u00e1nky reklamu . Na svat\u00e9ho \u0160t\u011bp\u00e1na 2009 jsem na\u0161el tro\u0161ku \u010dasu a p\u0159idal [&hellip;]","og_url":"https:\/\/www.sklenarice.com\/aktuality\/kontakt\/z-historie-tohoto-webu\/","og_site_name":"Sklena\u0159ice","article_publisher":"https:\/\/www.facebook.com\/sklenky\/","article_modified_time":"2014-08-27T19:09:58+00:00","twitter_card":"summary_large_image","twitter_misc":{"Odhadovan\u00e1 doba \u010dten\u00ed":"4 minuty"},"schema":{"@context":"https:\/\/schema.org","@graph":[{"@type":"WebPage","@id":"https:\/\/www.sklenarice.com\/aktuality\/kontakt\/z-historie-tohoto-webu\/","url":"https:\/\/www.sklenarice.com\/aktuality\/kontakt\/z-historie-tohoto-webu\/","name":"Z historie tohoto webu - Sklena\u0159ice","isPartOf":{"@id":"https:\/\/www.sklenarice.com\/aktuality\/#website"},"datePublished":"2014-08-16T14:45:31+00:00","dateModified":"2014-08-27T19:09:58+00:00","breadcrumb":{"@id":"https:\/\/www.sklenarice.com\/aktuality\/kontakt\/z-historie-tohoto-webu\/#breadcrumb"},"inLanguage":"cs","potentialAction":[{"@type":"ReadAction","target":["https:\/\/www.sklenarice.com\/aktuality\/kontakt\/z-historie-tohoto-webu\/"]}]},{"@type":"BreadcrumbList","@id":"https:\/\/www.sklenarice.com\/aktuality\/kontakt\/z-historie-tohoto-webu\/#breadcrumb","itemListElement":[{"@type":"ListItem","position":1,"name":"Dom\u016f","item":"https:\/\/www.sklenarice.com\/aktuality\/"},{"@type":"ListItem","position":2,"name":"Kontakt","item":"https:\/\/www.sklenarice.com\/aktuality\/kontakt\/"},{"@type":"ListItem","position":3,"name":"Z historie tohoto webu"}]},{"@type":"WebSite","@id":"https:\/\/www.sklenarice.com\/aktuality\/#website","url":"https:\/\/www.sklenarice.com\/aktuality\/","name":"Sklena\u0159ice","description":"str\u00e1nky obce z podh\u016f\u0159\u00ed Krkono\u0161 a Jizersk\u00fdch hor","potentialAction":[{"@type":"SearchAction","target":{"@type":"EntryPoint","urlTemplate":"https:\/\/www.sklenarice.com\/aktuality\/?s={search_term_string}"},"query-input":{"@type":"PropertyValueSpecification","valueRequired":true,"valueName":"search_term_string"}}],"inLanguage":"cs"}]}},"_links":{"self":[{"href":"https:\/\/www.sklenarice.com\/aktuality\/wp-json\/wp\/v2\/pages\/76","targetHints":{"allow":["GET"]}}],"collection":[{"href":"https:\/\/www.sklenarice.com\/aktuality\/wp-json\/wp\/v2\/pages"}],"about":[{"href":"https:\/\/www.sklenarice.com\/aktuality\/wp-json\/wp\/v2\/types\/page"}],"author":[{"embeddable":true,"href":"https:\/\/www.sklenarice.com\/aktuality\/wp-json\/wp\/v2\/users\/1"}],"replies":[{"embeddable":true,"href":"https:\/\/www.sklenarice.com\/aktuality\/wp-json\/wp\/v2\/comments?post=76"}],"version-history":[{"count":2,"href":"https:\/\/www.sklenarice.com\/aktuality\/wp-json\/wp\/v2\/pages\/76\/revisions"}],"predecessor-version":[{"id":142,"href":"https:\/\/www.sklenarice.com\/aktuality\/wp-json\/wp\/v2\/pages\/76\/revisions\/142"}],"up":[{"embeddable":true,"href":"https:\/\/www.sklenarice.com\/aktuality\/wp-json\/wp\/v2\/pages\/86"}],"wp:attachment":[{"href":"https:\/\/www.sklenarice.com\/aktuality\/wp-json\/wp\/v2\/media?parent=76"}],"curies":[{"name":"wp","href":"https:\/\/api.w.org\/{rel}","templated":true}]}}